{"id":899,"date":"2023-02-22T15:41:33","date_gmt":"2023-02-22T15:41:33","guid":{"rendered":"http:\/\/intezet.josz.org\/?page_id=899"},"modified":"2024-07-11T14:09:39","modified_gmt":"2024-07-11T14:09:39","slug":"josz-it-akademia-tematika","status":"publish","type":"page","link":"https:\/\/intezet.josz.org\/index.php\/josz-it-akademia-tematika\/","title":{"rendered":"J\u00d6Sz IT Akad\u00e9mia &#8211; Tematika"},"content":{"rendered":"\n<p><strong>2024. szeptember 14.<\/strong><\/p>\n\n\n\n<p><\/p>\n\n\n\n<ul><li>Bevezet\u00e9s a programoz\u00e1sba I. <\/li><li>Bevezet\u00e9s a programoz\u00e1sba II. <\/li><li>Szoftverjogi alapok <\/li><\/ul>\n\n\n\n<p><\/p>\n\n\n\n<p><strong>2024. szeptember  21.<\/strong><\/p>\n\n\n\n<p><\/p>\n\n\n\n<ul><li>Bevezet\u00e9s a programoz\u00e1sba III. <\/li><li>A h\u00e1l\u00f3zatok \u00e9s az internet jogi keretrendszere<\/li><li>Internetjog, domain, IP,<\/li><\/ul>\n\n\n\n<p><\/p>\n\n\n\n<p><strong>2024. okt\u00f3ber 5.<\/strong><\/p>\n\n\n\n<p><\/p>\n\n\n\n<ul><li>IT business alapismeretek (a szoftver \u00e9letciklusai) <\/li><li>Szoftver licenc \u00e9s licencszerz\u0151d\u00e9s t\u00edpusok <\/li><li>IT szerz\u0151d\u00e9st\u00edpusok<\/li><\/ul>\n\n\n\n<p><strong>2024. okt\u00f3ber 19.<\/strong><\/p>\n\n\n\n<p><\/p>\n\n\n\n<ul><li>Szoftverhib\u00e1k \u00e9s jav\u00edt\u00e1suk <\/li><li>Software as a Service <\/li><li>Szoftverjogi perek<\/li><\/ul>\n\n\n\n<p><\/p>\n\n\n\n<p><strong>2024. november 9.<\/strong><\/p>\n\n\n\n<p><\/p>\n\n\n\n<ul><li>Bevezet\u00e9s a programoz\u00e1sba IV.<\/li><li>Bevezet\u00e9s a programoz\u00e1sba V. <\/li><li>Programoz\u00e1si nyelvek \u00e9s felhaszn\u00e1l\u00e1saik, HTML CSS PHP<\/li><\/ul>\n\n\n\n<p><\/p>\n\n\n\n<p><strong>2024. november 16<\/strong>.<\/p>\n\n\n\n<p><\/p>\n\n\n\n<ul><li>Az adatb\u00e1zisokkal kapcsolatos jogi probl\u00e9mat\u00e9r a szoftver \u00e9s MI fejleszt\u00e9s t\u00fckr\u00e9ben <\/li><li>MI az internete. A Free, OSS \u00e9s SaaS form\u00e1j\u00e1ban el\u00e9rhet\u0151v\u00e9 tett MI jogi h\u00e1ttere <\/li><li>Mesters\u00e9ges intelligencia a jog\u00e1szi hivat\u00e1sban<\/li><\/ul>\n","protected":false},"excerpt":{"rendered":"<p>2024. szeptember 14. Bevezet\u00e9s a programoz\u00e1sba I. Bevezet\u00e9s a programoz\u00e1sba II. Szoftverjogi alapok 2024. szeptember 21. Bevezet\u00e9s a programoz\u00e1sba III. A h\u00e1l\u00f3zatok \u00e9s az internet jogi keretrendszere Internetjog, domain, IP, 2024. okt\u00f3ber 5. IT business alapismeretek (a szoftver \u00e9letciklusai) Szoftver licenc \u00e9s licencszerz\u0151d\u00e9s t\u00edpusok IT szerz\u0151d\u00e9st\u00edpusok 2024. okt\u00f3ber 19. Szoftverhib\u00e1k \u00e9s jav\u00edt\u00e1suk Software as a Service Szoftverjogi perek 2024. november [&hellip;]<\/p>\n","protected":false},"author":2,"featured_media":0,"parent":0,"menu_order":0,"comment_status":"closed","ping_status":"closed","template":"","meta":{"_monsterinsights_skip_tracking":false,"_monsterinsights_sitenote_active":false,"_monsterinsights_sitenote_note":"","_monsterinsights_sitenote_category":0},"_links":{"self":[{"href":"https:\/\/intezet.josz.org\/index.php\/wp-json\/wp\/v2\/pages\/899"}],"collection":[{"href":"https:\/\/intezet.josz.org\/index.php\/wp-json\/wp\/v2\/pages"}],"about":[{"href":"https:\/\/intezet.josz.org\/index.php\/wp-json\/wp\/v2\/types\/page"}],"author":[{"embeddable":true,"href":"https:\/\/intezet.josz.org\/index.php\/wp-json\/wp\/v2\/users\/2"}],"replies":[{"embeddable":true,"href":"https:\/\/intezet.josz.org\/index.php\/wp-json\/wp\/v2\/comments?post=899"}],"version-history":[{"count":6,"href":"https:\/\/intezet.josz.org\/index.php\/wp-json\/wp\/v2\/pages\/899\/revisions"}],"predecessor-version":[{"id":1527,"href":"https:\/\/intezet.josz.org\/index.php\/wp-json\/wp\/v2\/pages\/899\/revisions\/1527"}],"wp:attachment":[{"href":"https:\/\/intezet.josz.org\/index.php\/wp-json\/wp\/v2\/media?parent=899"}],"curies":[{"name":"wp","href":"https:\/\/api.w.org\/{rel}","templated":true}]}}