{"id":23,"date":"2021-02-13T21:26:54","date_gmt":"2021-02-13T21:26:54","guid":{"rendered":"http:\/\/intezet.josz.org\/?page_id=23"},"modified":"2021-05-23T15:56:04","modified_gmt":"2021-05-23T15:56:04","slug":"rendezvenyek","status":"publish","type":"page","link":"https:\/\/intezet.josz.org\/index.php\/rendezvenyek\/","title":{"rendered":"Rendezv\u00e9nyek"},"content":{"rendered":"\n<p>A J\u00d6Sz Alap\u00edtv\u00e1ny k\u00f6zrem\u0171k\u00f6d\u00e9s\u00e9vel az al\u00e1bbi rendezv\u00e9nyek val\u00f3sultak meg:<\/p>\n\n\n\n<p><a href=\"http:\/\/intezet.josz.org\/index.php\/josz-nyari-egyetem\/\" data-type=\"URL\" data-id=\"http:\/\/intezet.josz.org\/index.php\/josz-nyari-egyetem\/\"><strong>J\u00d6Sz Ny\u00e1ri Egyetem<\/strong><\/a><\/p>\n","protected":false},"excerpt":{"rendered":"<p>A J\u00d6Sz Alap\u00edtv\u00e1ny k\u00f6zrem\u0171k\u00f6d\u00e9s\u00e9vel az al\u00e1bbi rendezv\u00e9nyek val\u00f3sultak meg: J\u00d6Sz Ny\u00e1ri Egyetem<\/p>\n","protected":false},"author":1,"featured_media":0,"parent":0,"menu_order":0,"comment_status":"closed","ping_status":"closed","template":"page-templates\/full-width-container.php","meta":{"_monsterinsights_skip_tracking":false,"_monsterinsights_sitenote_active":false,"_monsterinsights_sitenote_note":"","_monsterinsights_sitenote_category":0},"_links":{"self":[{"href":"https:\/\/intezet.josz.org\/index.php\/wp-json\/wp\/v2\/pages\/23"}],"collection":[{"href":"https:\/\/intezet.josz.org\/index.php\/wp-json\/wp\/v2\/pages"}],"about":[{"href":"https:\/\/intezet.josz.org\/index.php\/wp-json\/wp\/v2\/types\/page"}],"author":[{"embeddable":true,"href":"https:\/\/intezet.josz.org\/index.php\/wp-json\/wp\/v2\/users\/1"}],"replies":[{"embeddable":true,"href":"https:\/\/intezet.josz.org\/index.php\/wp-json\/wp\/v2\/comments?post=23"}],"version-history":[{"count":4,"href":"https:\/\/intezet.josz.org\/index.php\/wp-json\/wp\/v2\/pages\/23\/revisions"}],"predecessor-version":[{"id":144,"href":"https:\/\/intezet.josz.org\/index.php\/wp-json\/wp\/v2\/pages\/23\/revisions\/144"}],"wp:attachment":[{"href":"https:\/\/intezet.josz.org\/index.php\/wp-json\/wp\/v2\/media?parent=23"}],"curies":[{"name":"wp","href":"https:\/\/api.w.org\/{rel}","templated":true}]}}

Rendezvények

<p>A JÖSz Alapítvány közreműködésével az alábbi rendezvények valósultak meg:</p>



<p><a href="http://intezet.josz.org/index.php/josz-nyari-egyetem/" data-type="URL" data-id="http://intezet.josz.org/index.php/josz-nyari-egyetem/"><strong>JÖSz Nyári Egyetem</strong></a></p>

<p>A JÖSz Alapítvány közreműködésével az alábbi rendezvények valósultak meg: JÖSz Nyári Egyetem</p>
