{"id":226,"date":"2021-10-05T13:11:20","date_gmt":"2021-10-05T13:11:20","guid":{"rendered":"http:\/\/intezet.josz.org\/?page_id=226"},"modified":"2021-10-05T13:11:20","modified_gmt":"2021-10-05T13:11:20","slug":"josz-doktorandusz-kutatoi-osztondij","status":"publish","type":"page","link":"https:\/\/intezet.josz.org\/index.php\/josz-doktorandusz-kutatoi-osztondij\/","title":{"rendered":"J\u00d6Sz Doktorandusz Kutat\u00f3i \u00d6szt\u00f6nd\u00edj"},"content":{"rendered":"\n<p><\/p>\n\n\n\n<p class=\"has-text-align-center\"><strong>P\u00c1LY\u00c1ZATI FELH\u00cdV\u00c1S<\/strong><\/p>\n\n\n\n<p class=\"has-text-align-center\">A J\u00d6Sz Int\u00e9zet tudom\u00e1nyos p\u00e1ly\u00e1zatot hirdet&nbsp;<\/p>\n\n\n\n<p class=\"has-text-align-center\"><strong>J\u00d6Sz Doktorandusz Kutat\u00f3i \u00d6szt\u00f6nd\u00edj<\/strong><\/p>\n\n\n\n<p class=\"has-text-align-center\">c\u00edmmel<\/p>\n\n\n\n<p class=\"has-text-align-center\">A hazai \u00e9s hat\u00e1ron t\u00fali doktorandusz hallgat\u00f3k kutat\u00e1si tev\u00e9kenys\u00e9g\u00e9nek t\u00e1mogat\u00e1s\u00e1ra.<\/p>\n\n\n\n<p><strong>I. A P\u00e1ly\u00e1zat c\u00e9lja<\/strong><\/p>\n\n\n\n<p>A J\u00d6Sz Int\u00e9zet a J\u00d6Sz Alap\u00edtv\u00e1ny kutat\u00f3 \u00e9s kutat\u00e1st t\u00e1mogat\u00f3 szervezeti egys\u00e9ge, melynek c\u00e9lja az Alap\u00edtv\u00e1ny \u00e1llam- \u00e9s jogtudom\u00e1nyok m\u0171vel\u00e9s\u00e9vel kapcsolatos tev\u00e9kenys\u00e9g\u00e9nek megval\u00f3s\u00edt\u00e1sa.<\/p>\n\n\n\n<p>A J\u00d6Sz Int\u00e9zet a J\u00d6Sz Alap\u00edtv\u00e1ny c\u00e9ljainak megfelel\u0151en \u00f6szt\u00f6nd\u00edjat hirdet a jogtudom\u00e1ny ter\u00fclet\u00e9n tev\u00e9kenyked\u0151, hazai \u00e9s hat\u00e1ron t\u00fali doktoranduszok kutat\u00e1si tev\u00e9kenys\u00e9g\u00e9nek t\u00e1mogat\u00e1s\u00e1ra (a tov\u00e1bbiakban: \u00d6szt\u00f6nd\u00edj).<\/p>\n\n\n\n<p>Az \u00d6szt\u00f6nd\u00edjprogram keret\u00e9ben a 2021\/2022-es tan\u00e9vben n\u00e9gy p\u00e1ly\u00e1z\u00f3 kutat\u00e1sa r\u00e9szes\u00fclhet t\u00e1mogat\u00e1sban, akik r\u00e9sz\u00e9re &#8211; a p\u00e1ly\u00e1zati ki\u00edr\u00e1sban \u00e9s az ahhoz kapcsol\u00f3d\u00f3 dokumentumokban el\u0151irt felt\u00e9telek mellett &#8211; <strong>n\u00e9gy h\u00f3napon kereszt\u00fcl havi nett\u00f3 80 000 forint, \u00f6sszesen nett\u00f3 320 000  forint \u00f6sszeg\u0171 \u00f6szt\u00f6nd\u00edj<\/strong> ker\u00fcl foly\u00f3s\u00edt\u00e1sra.<\/p>\n\n\n\n<p><strong>II. A p\u00e1ly\u00e1z\u00e1sra jogosult szem\u00e9lyek k\u00f6re<\/strong><\/p>\n\n\n\n<p>P\u00e1ly\u00e1zat beny\u00fajt\u00e1s\u00e1ra jogosult minden hazai \u00e9s hat\u00e1ron t\u00fali, jogtudom\u00e1nyi ter\u00fcleten kutat\u00f3 doktorandusz (mind a komplex vizsga el\u0151tt, mind a komplex vizsga ut\u00e1n), aki az al\u00e1bbi felt\u00e9teleknek megfelel:<\/p>\n\n\n\n<ul><li>magyar nyelven besz\u00e9l \u00e9s el\u0151ad\u00e1sk\u00e9pes;<\/li><li>valamely doktori iskol\u00e1val doktoranduszi jogviszonyban \u00e1ll; \u00e9s<\/li><li>doktori tanulm\u00e1nyai sor\u00e1n nem \u00e9rte m\u00e9g el az abszolut\u00f3riumot (a tov\u00e1bbiakban: p\u00e1ly\u00e1z\u00f3).<\/li><\/ul>\n\n\n\n<p><strong>III. A t\u00e1mogat\u00e1s \u00f6sszege<\/strong><\/p>\n\n\n\n<p>A t\u00e1mogat\u00e1s \u00f6sszege n\u00e9gy h\u00f3napon kereszt\u00fcl havi nett\u00f3 80.000,- forint, \u00f6sszesen nett\u00f3 320.000,- forint.&nbsp;<\/p>\n\n\n\n<p>Az \u00f6szt\u00f6nd\u00edjak foly\u00f3s\u00edt\u00e1sa novemberben kezd\u0151dik. Az \u00f6szt\u00f6nd\u00edjas p\u00e1ly\u00e1z\u00f3k r\u00e9sz\u00e9re &#8211; az \u00e1ltaluk megjel\u00f6lt banksz\u00e1mlasz\u00e1mra &#8211; havi rendszeress\u00e9ggel ker\u00fclnek kifizet\u00e9sre az egyes \u00f6szt\u00f6nd\u00edj r\u00e9szletek.<\/p>\n\n\n\n<p><strong>IV. T\u00e1mogatott kutat\u00e1si ter\u00fcletek \u00e9s t\u00e9m\u00e1k, a nyertes p\u00e1ly\u00e1z\u00f3 k\u00f6telezetts\u00e9gei<\/strong><\/p>\n\n\n\n<p>Az \u00d6szt\u00f6nd\u00edjprogram keret\u00e9ben a <strong>magyar jogtudom\u00e1ny<\/strong> valamely ter\u00fclet\u00e9re vonatkoz\u00f3, olyan <strong>tudom\u00e1nyos kutat\u00f3- \u00e9s alkot\u00f3munk\u00e1k<\/strong> r\u00e9szes\u00fclhetnek t\u00e1mogat\u00e1sban, amelyeknek a hazai <strong>jogalkot\u00e1s, illetve jogalkalmaz\u00e1s szempontj\u00e1b\u00f3l gyakorlati jelent\u0151s\u00e9ge van<\/strong>. Az \u00f6szt\u00f6nd\u00edjat elnyert p\u00e1ly\u00e1z\u00f3 (a tov\u00e1bbiakban: \u00f6szt\u00f6nd\u00edjas) v\u00e1llalja, hogy a p\u00e1ly\u00e1zat\u00e1ban felv\u00e1zolt t\u00e9mak\u00f6rben a n\u00e9gy h\u00f3napos \u00f6szt\u00f6nd\u00edjas id\u0151szak lej\u00e1rt\u00e1ig egy <strong>legal\u00e1bb 50.000 karakter (sz\u00f3k\u00f6z\u00f6kkel) terjedelm\u0171 p\u00e1lyamunk\u00e1t<\/strong>, tov\u00e1bb\u00e1 a kutat\u00e1s f\u0151bb meg\u00e1llap\u00edt\u00e1sait \u00f6sszefoglal\u00f3 <strong>rez\u00fcm\u00e9t <\/strong>k\u00e9sz\u00edt, \u00e9s kutat\u00e1s\u00e1nak eredm\u00e9nyeit egy, a J\u00d6Sz Int\u00e9zet \u00e1ltal szervezett tudom\u00e1nyos konferenci\u00e1n is el\u0151adja. Az \u00f6szt\u00f6nd\u00edjas az \u00d6szt\u00f6nd\u00edjprogram keret\u00e9ben kiz\u00e1r\u00f3lag olyan, a p\u00e1ly\u00e1z\u00f3 kiz\u00e1r\u00f3lagos szellemi alkot\u00e1s\u00e1t k\u00e9pez\u0151 p\u00e1lyam\u0171vet ny\u00fajthat be, amelyet kor\u00e1bban m\u00e9g nem hozott nyilv\u00e1noss\u00e1gra. Az \u00f6szt\u00f6nd\u00edjas v\u00e1llalja, hogy az \u00e1ltala k\u00e9sz\u00edtett p\u00e1lyamunk\u00e1ra korl\u00e1tlan \u00e9s kiz\u00e1r\u00f3lagos felhaszn\u00e1l\u00e1si jogot enged a J\u00d6Sz Alap\u00edtv\u00e1nynak a p\u00e1lyamunka publik\u00e1l\u00e1sa, illet\u0151leg min\u00e9l sz\u00e9lesebb k\u00f6rben val\u00f3 elterjeszt\u00e9se c\u00e9lj\u00e1b\u00f3l. Az \u00f6szt\u00f6nd\u00edjas v\u00e1llalja tov\u00e1bb, hogy egy, az \u00f6szt\u00f6nd\u00edjasokat bemutat\u00f3 interj\u00fasorozat keret\u00e9ben szerepel a J\u00d6Sz Int\u00e9zet honlapj\u00e1n, valamint hozz\u00e1j\u00e1rul ahhoz, hogy a J\u00d6Sz Int\u00e9zet az \u00f6szt\u00f6nd\u00edjas szem\u00e9ly\u00e9t, tov\u00e1bb\u00e1 az \u00f6szt\u00f6nd\u00edj t\u00e9ny\u00e9t felt\u00fcntesse kommunik\u00e1ci\u00f3s csatorn\u00e1in.<\/p>\n\n\n\n<p><strong>V.&nbsp; A p\u00e1ly\u00e1zat beny\u00fajt\u00e1s\u00e1nak k\u00f6vetelm\u00e9nyei<\/strong><\/p>\n\n\n\n<p><strong>A p\u00e1ly\u00e1z\u00f3 az al\u00e1bbi fel\u00fcleten ny\u00fajthat be p\u00e1ly\u00e1zatot az \u00f6szt\u00f6nd\u00edjra:<\/strong><\/p>\n\n\n\n<p>Jelenleg nincs p\u00e1ly\u00e1zati id\u0151szak. <\/p>\n\n\n\n<p><strong>A p\u00e1ly\u00e1zat lead\u00e1s\u00e1nak hat\u00e1rideje:<\/strong><\/p>\n\n\n\n<p>2021. okt\u00f3ber 24. napja 23 \u00f3ra 59 perc.<\/p>\n\n\n\n<p>A p\u00e1ly\u00e1zatnak tartalmaznia kell a p\u00e1ly\u00e1z\u00f3 <strong>f\u00e9nyk\u00e9pes \u00f6n\u00e9letrajz\u00e1t, kutat\u00e1si terv\u00e9t, publik\u00e1ci\u00f3s list\u00e1j\u00e1t, ill. azon kutat\u00e1si projektek list\u00e1j\u00e1t, amelyekben r\u00e9szt vett (amennyiben van ilyen), tov\u00e1bb\u00e1 az \u00f6n\u00e9letrajzban \u00e9s a publik\u00e1ci\u00f3s\/projektlist\u00e1n felt\u00fcntetett t\u00e9nyeket, adatokat, eredm\u00e9nyeket al\u00e1t\u00e1maszt\u00f3 dokumentumokat<\/strong> (pl. hallgat\u00f3i jogviszony-igazol\u00e1s vagy diplomabizony\u00edtv\u00e1ny, nyelvvizsga bizony\u00edtv\u00e1nyok, publik\u00e1ci\u00f3k, tanulm\u00e1nyi versenyeredm\u00e9nyeket igazol\u00f3 oklevelek stb). A p\u00e1ly\u00e1zat beny\u00fajt\u00e1s\u00e1nak nem k\u00e9pezi felt\u00e9tel\u00e9t a szakmai aj\u00e1nl\u00e1s, azonban az el\u0151nyt jelenthet a p\u00e1ly\u00e1zatok elb\u00edr\u00e1l\u00e1sa sor\u00e1n. A kutat\u00e1si tervben ki kell t\u00e9rni a p\u00e1lyamunka c\u00edm\u00e9re, a t\u00e9mav\u00e1laszt\u00e1s indokl\u00e1s\u00e1ra (aktualit\u00e1s, relevancia, szem\u00e9lyes szakmai el\u0151zm\u00e9nyek a ter\u00fcleten), a kutat\u00e1s kit\u0171z\u00f6tt c\u00e9lj\u00e1ra, a munkaterv \u00e9s munkam\u00f3dszer ismertet\u00e9s\u00e9re, tov\u00e1bb\u00e1 az el\u00e9rend\u0151 (v\u00e1rt, tervezett) eredm\u00e9nyek \u00e9s azok gyakorlati hasznos\u00edt\u00e1si lehet\u0151s\u00e9geinek a bemutat\u00e1s\u00e1ra.<\/p>\n\n\n\n<p><strong>VI. A p\u00e1ly\u00e1zatok elb\u00edr\u00e1l\u00e1sa<\/strong><\/p>\n\n\n\n<p>A be\u00e9rkezett p\u00e1ly\u00e1zatokat a J\u00d6Sz Int\u00e9zet \u00e9s a J\u00d6Sz Alap\u00edtv\u00e1ny vezet\u0151s\u00e9ge \u00e1ltal k\u00f6z\u00f6sen deleg\u00e1lt h\u00e1romtag\u00fa bizotts\u00e1g (a tov\u00e1bbiakban: bizotts\u00e1g) b\u00edr\u00e1lja el. Hi\u00e1nyosan beny\u00fajtott p\u00e1ly\u00e1zat eset\u00e9ben a bizotts\u00e1g egy alkalommal hi\u00e1nyp\u00f3tl\u00e1st rendelhet el, amelynek nem vagy nem megfelel\u0151 teljes\u00edt\u00e9se a p\u00e1ly\u00e1zat kiz\u00e1r\u00e1s\u00e1t vonja maga ut\u00e1n. Amennyiben a jelentkez\u0151k l\u00e9tsz\u00e1ma, a p\u00e1ly\u00e1zatok magas sz\u00ednvonala vagy egy\u00e9b k\u00f6r\u00fclm\u00e9ny indokolja, a p\u00e1ly\u00e1z\u00f3k sz\u00f3beli meghallgat\u00e1s\u00e1ra is sor ker\u00fclhet. A bizotts\u00e1g d\u00f6nt\u00e9s\u00e9r\u0151l elektronikus \u00faton \u00e9rtes\u00edti a p\u00e1ly\u00e1z\u00f3kat. Az eredm\u00e9nyes p\u00e1ly\u00e1z\u00f3kkal a J\u00d6Sz Alap\u00edtv\u00e1ny \u00f6szt\u00f6nd\u00edj-t\u00e1mogat\u00e1si szerz\u0151d\u00e9st k\u00f6t.&nbsp;&nbsp;<\/p>\n\n\n\n<p><strong>VII. Adatkezel\u00e9s<\/strong><\/p>\n\n\n\n<p>A J\u00d6Sz Alap\u00edtv\u00e1ny adatkezel\u00e9si t\u00e1j\u00e9koztat\u00f3ja az al\u00e1bbi linkre kattintva \u00e9rhet\u0151 el:<\/p>\n\n\n\n<p><strong>Felt\u00f6lt\u00e9s alatt.<\/strong><\/p>\n\n\n\n<p><strong>VIII. Kapcsolattart\u00e1s<\/strong><\/p>\n\n\n\n<p>Amennyiben b\u00e1rmilyen k\u00e9rd\u00e9se mer\u00fcl fel a p\u00e1ly\u00e1zattal kapcsolatban, a J\u00d6Sz Int\u00e9zet az <a>intezet@josz.org<\/a> email c\u00edmen rendelkez\u00e9s\u00e9re \u00e1ll.<\/p>\n\n\n\n<p>Sikeres p\u00e1ly\u00e1z\u00e1st k\u00edv\u00e1nunk!<\/p>\n\n\n\n<p class=\"has-text-align-right\">J\u00d6Sz Int\u00e9zet<\/p>\n","protected":false},"excerpt":{"rendered":"<p>P\u00c1LY\u00c1ZATI FELH\u00cdV\u00c1S A J\u00d6Sz Int\u00e9zet tudom\u00e1nyos p\u00e1ly\u00e1zatot hirdet&nbsp; J\u00d6Sz Doktorandusz Kutat\u00f3i \u00d6szt\u00f6nd\u00edj c\u00edmmel A hazai \u00e9s hat\u00e1ron t\u00fali doktorandusz hallgat\u00f3k kutat\u00e1si tev\u00e9kenys\u00e9g\u00e9nek t\u00e1mogat\u00e1s\u00e1ra. I. A P\u00e1ly\u00e1zat c\u00e9lja A J\u00d6Sz Int\u00e9zet a J\u00d6Sz Alap\u00edtv\u00e1ny kutat\u00f3 \u00e9s kutat\u00e1st t\u00e1mogat\u00f3 szervezeti egys\u00e9ge, melynek c\u00e9lja az Alap\u00edtv\u00e1ny \u00e1llam- \u00e9s jogtudom\u00e1nyok m\u0171vel\u00e9s\u00e9vel kapcsolatos tev\u00e9kenys\u00e9g\u00e9nek megval\u00f3s\u00edt\u00e1sa. A J\u00d6Sz Int\u00e9zet a J\u00d6Sz Alap\u00edtv\u00e1ny c\u00e9ljainak megfelel\u0151en \u00f6szt\u00f6nd\u00edjat hirdet [&hellip;]<\/p>\n","protected":false},"author":2,"featured_media":0,"parent":0,"menu_order":0,"comment_status":"closed","ping_status":"closed","template":"","meta":{"_monsterinsights_skip_tracking":false,"_monsterinsights_sitenote_active":false,"_monsterinsights_sitenote_note":"","_monsterinsights_sitenote_category":0},"_links":{"self":[{"href":"https:\/\/intezet.josz.org\/index.php\/wp-json\/wp\/v2\/pages\/226"}],"collection":[{"href":"https:\/\/intezet.josz.org\/index.php\/wp-json\/wp\/v2\/pages"}],"about":[{"href":"https:\/\/intezet.josz.org\/index.php\/wp-json\/wp\/v2\/types\/page"}],"author":[{"embeddable":true,"href":"https:\/\/intezet.josz.org\/index.php\/wp-json\/wp\/v2\/users\/2"}],"replies":[{"embeddable":true,"href":"https:\/\/intezet.josz.org\/index.php\/wp-json\/wp\/v2\/comments?post=226"}],"version-history":[{"count":1,"href":"https:\/\/intezet.josz.org\/index.php\/wp-json\/wp\/v2\/pages\/226\/revisions"}],"predecessor-version":[{"id":227,"href":"https:\/\/intezet.josz.org\/index.php\/wp-json\/wp\/v2\/pages\/226\/revisions\/227"}],"wp:attachment":[{"href":"https:\/\/intezet.josz.org\/index.php\/wp-json\/wp\/v2\/media?parent=226"}],"curies":[{"name":"wp","href":"https:\/\/api.w.org\/{rel}","templated":true}]}}