{"id":1953,"date":"2025-08-31T15:39:02","date_gmt":"2025-08-31T15:39:02","guid":{"rendered":"http:\/\/intezet.josz.org\/?page_id=1953"},"modified":"2025-08-31T15:39:32","modified_gmt":"2025-08-31T15:39:32","slug":"a-platform-alapu-munkavegzes-szabalyozasanak-es-megitelesenek-alakulasa-az-elmult-evek-hazai-es-nemzetkozi-biroi-gyakorlatanak-figyelembevetelevel","status":"publish","type":"page","link":"https:\/\/intezet.josz.org\/index.php\/a-platform-alapu-munkavegzes-szabalyozasanak-es-megitelesenek-alakulasa-az-elmult-evek-hazai-es-nemzetkozi-biroi-gyakorlatanak-figyelembevetelevel\/","title":{"rendered":"A platform alap\u00fa munkav\u00e9gz\u00e9s szab\u00e1lyoz\u00e1s\u00e1nak \u00e9s meg\u00edt\u00e9l\u00e9s\u00e9nek alakul\u00e1sa az elm\u00falt \u00e9vek hazai \u00e9s nemzetk\u00f6zi b\u00edr\u00f3i gyakorlat\u00e1nak figyelembev\u00e9tel\u00e9vel"},"content":{"rendered":"\n<h3>Absztrakt<\/h3>\n\n\n\n<blockquote class=\"wp-block-quote\"><p><em>Az \u00faj technol\u00f3gi\u00e1k megjelen\u00e9se \u00e9s elterjed\u00e9se r\u00e1vil\u00e1g\u00edt az azokkal kapcsolatos szab\u00e1lyoz\u00e1s fontoss\u00e1g\u00e1ra, valamint a jog alkalmazkod\u00e1s\u00e1nak sz\u00fcks\u00e9gszer\u0171s\u00e9g\u00e9re. Az elm\u00falt \u00e9vekben \u2013 k\u00fcl\u00f6n\u00f6sen a COVID-19 pand\u00e9mia nyom\u00e1n a munka vil\u00e1g\u00e1ban bek\u00f6vetkezett szeml\u00e9letv\u00e1lt\u00e1st k\u00f6vet\u0151en &#8211; kiemelt feladatot jelent a jogtudom\u00e1ny sz\u00e1m\u00e1ra, hogy reag\u00e1ljon a digitaliz\u00e1ci\u00f3 \u00e1ltal \u00e9letre h\u00edvott \u00faj jogi kih\u00edv\u00e1sokra. A vil\u00e1gban zajl\u00f3 digit\u00e1lis forradalom eredm\u00e9nyek\u00e9nt l\u00e9trej\u00f6v\u0151 platformgazdas\u00e1g napjaink egyik leggyorsabban fejl\u0151d\u0151 gazdas\u00e1gi szektora, amely ugyanakkor glob\u00e1lis szinten komoly kih\u00edv\u00e1st jelent a jogalkot\u00f3 sz\u00e1m\u00e1ra, hiszen megfelel\u0151 szab\u00e1lyoz\u00e1s hat\u00e9konyan legink\u00e1bb a gyakorlat tapasztalataira \u00e9p\u00edtve alak\u00edthat\u00f3 ki.&nbsp;<\/em><\/p><\/blockquote>\n\n\n\n<p>A tanulm\u00e1ny a k\u00e9pre kattintva \u00e9rhet\u0151 el.<\/p>\n\n\n\n<figure class=\"wp-block-image size-large\"><a href=\"http:\/\/intezet.josz.org\/wp-content\/uploads\/2025\/08\/A-platform-alapu-munkavegzes-szabalyozasanak-es-megitelesenek-alakulasa-az-elmult-evek-hazai-es-nemzetkozi-biroi-gyakorlatanak-figyelembevetelevel.pdf\"><img loading=\"lazy\" width=\"1024\" height=\"1024\" src=\"http:\/\/intezet.josz.org\/wp-content\/uploads\/2025\/08\/JOSz-Intezet-Tanulmanyok-1024x1024.png\" alt=\"\" class=\"wp-image-1948\" srcset=\"https:\/\/intezet.josz.org\/wp-content\/uploads\/2025\/08\/JOSz-Intezet-Tanulmanyok-1024x1024.png 1024w, https:\/\/intezet.josz.org\/wp-content\/uploads\/2025\/08\/JOSz-Intezet-Tanulmanyok-300x300.png 300w, https:\/\/intezet.josz.org\/wp-content\/uploads\/2025\/08\/JOSz-Intezet-Tanulmanyok-150x150.png 150w, https:\/\/intezet.josz.org\/wp-content\/uploads\/2025\/08\/JOSz-Intezet-Tanulmanyok-768x768.png 768w, https:\/\/intezet.josz.org\/wp-content\/uploads\/2025\/08\/JOSz-Intezet-Tanulmanyok.png 1250w\" sizes=\"(max-width: 1024px) 100vw, 1024px\" \/><\/a><\/figure>\n\n\n\n<p><strong><a href=\"http:\/\/intezet.josz.org\/wp-content\/uploads\/2025\/08\/A-platform-alapu-munkavegzes-szabalyozasanak-es-megitelesenek-alakulasa-az-elmult-evek-hazai-es-nemzetkozi-biroi-gyakorlatanak-figyelembevetelevel.pdf\"> Benyovszky P\u00e9ter &#8211; A platform alap\u00fa munkav\u00e9gz\u00e9s szab\u00e1lyoz\u00e1s\u00e1nak \u00e9s meg\u00edt\u00e9l\u00e9s\u00e9nek alakul\u00e1sa az elm\u00falt \u00e9vek hazai \u00e9s nemzetk\u00f6zi b\u00edr\u00f3i gyakorlat\u00e1nak figyelembev\u00e9tel\u00e9vel<\/a><\/strong><\/p>\n","protected":false},"excerpt":{"rendered":"<p>Absztrakt Az \u00faj technol\u00f3gi\u00e1k megjelen\u00e9se \u00e9s elterjed\u00e9se r\u00e1vil\u00e1g\u00edt az azokkal kapcsolatos szab\u00e1lyoz\u00e1s fontoss\u00e1g\u00e1ra, valamint a jog alkalmazkod\u00e1s\u00e1nak sz\u00fcks\u00e9gszer\u0171s\u00e9g\u00e9re. Az elm\u00falt \u00e9vekben \u2013 k\u00fcl\u00f6n\u00f6sen a COVID-19 pand\u00e9mia nyom\u00e1n a munka vil\u00e1g\u00e1ban bek\u00f6vetkezett szeml\u00e9letv\u00e1lt\u00e1st k\u00f6vet\u0151en &#8211; kiemelt feladatot jelent a jogtudom\u00e1ny sz\u00e1m\u00e1ra, hogy reag\u00e1ljon a digitaliz\u00e1ci\u00f3 \u00e1ltal \u00e9letre h\u00edvott \u00faj jogi kih\u00edv\u00e1sokra. A vil\u00e1gban zajl\u00f3 digit\u00e1lis forradalom eredm\u00e9nyek\u00e9nt l\u00e9trej\u00f6v\u0151 platformgazdas\u00e1g napjaink egyik [&hellip;]<\/p>\n","protected":false},"author":2,"featured_media":0,"parent":0,"menu_order":0,"comment_status":"closed","ping_status":"closed","template":"","meta":{"_monsterinsights_skip_tracking":false,"_monsterinsights_sitenote_active":false,"_monsterinsights_sitenote_note":"","_monsterinsights_sitenote_category":0},"_links":{"self":[{"href":"https:\/\/intezet.josz.org\/index.php\/wp-json\/wp\/v2\/pages\/1953"}],"collection":[{"href":"https:\/\/intezet.josz.org\/index.php\/wp-json\/wp\/v2\/pages"}],"about":[{"href":"https:\/\/intezet.josz.org\/index.php\/wp-json\/wp\/v2\/types\/page"}],"author":[{"embeddable":true,"href":"https:\/\/intezet.josz.org\/index.php\/wp-json\/wp\/v2\/users\/2"}],"replies":[{"embeddable":true,"href":"https:\/\/intezet.josz.org\/index.php\/wp-json\/wp\/v2\/comments?post=1953"}],"version-history":[{"count":3,"href":"https:\/\/intezet.josz.org\/index.php\/wp-json\/wp\/v2\/pages\/1953\/revisions"}],"predecessor-version":[{"id":1958,"href":"https:\/\/intezet.josz.org\/index.php\/wp-json\/wp\/v2\/pages\/1953\/revisions\/1958"}],"wp:attachment":[{"href":"https:\/\/intezet.josz.org\/index.php\/wp-json\/wp\/v2\/media?parent=1953"}],"curies":[{"name":"wp","href":"https:\/\/api.w.org\/{rel}","templated":true}]}}