{"id":1922,"date":"2025-06-21T15:10:36","date_gmt":"2025-06-21T15:10:36","guid":{"rendered":"http:\/\/intezet.josz.org\/?page_id=1922"},"modified":"2025-06-21T15:10:36","modified_gmt":"2025-06-21T15:10:36","slug":"vii-josz-nyari-egyetem","status":"publish","type":"page","link":"https:\/\/intezet.josz.org\/index.php\/vii-josz-nyari-egyetem\/","title":{"rendered":"VII. J\u00d6Sz Ny\u00e1ri Egyetem"},"content":{"rendered":"\n<p>Id\u00e9n is lesz J\u00d6Sz Ny\u00e1ri Egyetem!<\/p>\n\n\n\n<p>Augusztus utols\u00f3 h\u00e9tv\u00e9g\u00e9j\u00e9n a fest\u0151i sz\u00e9ps\u00e9g\u0171 kab\u00f3kapusztai Kab\u00f3ka Lovastany\u00e1n v\u00e1r Titeket a Joghallgat\u00f3k \u00d6nk\u00e9pz\u0151 Szervezete hatodik ny\u00e1ri szabadegyeteme!Sz\u00edvesen hallgatn\u00e1l sz\u00ednvonalas szakmai el\u0151ad\u00e1sokat vagy k\u00f6z\u00e9leti vit\u00e1kat? Foglalkoztatnak az aktu\u00e1lis politikai \u00e9s t\u00e1rsadalmi k\u00e9rd\u00e9sek? \u00c9rdekl\u0151dsz a jogtudom\u00e1ny hat\u00e1rter\u00fcletei ir\u00e1nt? Vagy egyszer\u0171en csak elt\u00f6lten\u00e9l egy kellemes \u00e9s tartalmas h\u00e9tv\u00e9g\u00e9t egy remek t\u00e1rsas\u00e1gban?\u00a0<\/p>\n\n\n\n<p>A szervezet\u00fcnk \u00e9let\u00e9ben m\u00e1r hagyom\u00e1nynak sz\u00e1m\u00edt\u00f3 t\u00f6bb napos rendezv\u00e9nysorozat a J\u00d6Sz &#8211; Joghallgat\u00f3k \u00d6nk\u00e9pz\u0151 Szervezete \u00e9s a J\u00d6Sz Int\u00e9zet szervez\u00e9s\u00e9ben id\u00e9n is megrendez\u00e9sre ker\u00fcl, h\u00e1rom \u00e9s f\u00e9l napon kereszt\u00fcl, t\u00f6bb mint \u00f6t programhelysz\u00ednennel!Sz\u00ednvonalas jogszakmai besz\u00e9lget\u00e9sekkel, p\u00f6rg\u0151s k\u00f6z\u00e9leti vit\u00e1kkal, kultur\u00e1lis programokkal \u00e9s koncertekkel v\u00e1runk Titeket!&nbsp;<\/p>\n\n\n\n<p>Ne maradjatok le id\u00e9n sem, v\u00e1runk minden (jog)hallgat\u00f3t hat\u00e1ron innen \u00e9s t\u00falr\u00f3l is!&nbsp;<\/p>\n\n\n\n<p><\/p>\n\n\n\n<p>Mikor? 2025. augusztus 28-31. (cs\u00fct\u00f6rt\u00f6kt\u0151l vas\u00e1rnapig)<\/p>\n\n\n\n<p>Hol? Kab\u00f3kapuszta Lovastanya<\/p>\n\n\n\n<p><strong>JEGY\u00c1RAK<\/strong><\/p>\n\n\n\n<ul><li>6-8-10 f\u0151s szob\u00e1k &#8211; 25 000 Ft<\/li><li>4 f\u0151s szob\u00e1k &#8211; 28 000 Ft<\/li><li>2 f\u0151s szob\u00e1k &#8211; 32 000 Ft<\/li><li>G\u00f3lyajegyek (az ELTE \u00c1JK \u00e9s PPKE J\u00c1K 2026 \u0151sz\u00e9n els\u0151\u00e9ves hallgat\u00f3inak) &#8211; 20 000 Ft<\/li><\/ul>\n\n\n\n<p>Figyelem a fenti jegy\u00e1rak a k\u00e9szlet erej\u00e9ig vannak \u00e9rv\u00e9nyben!<\/p>\n\n\n\n<p><a href=\"https:\/\/docs.google.com\/forms\/d\/e\/1FAIpQLScdXMTnrCSWPffUsgM12b9-a_f_VrQ07aH4d0E-Kc0Npb652w\/viewform\">Regisztr\u00e1ci\u00f3 az al\u00e1bbi oldalon \u00e9rhet\u0151 el.<\/a><\/p>\n\n\n\n<p><\/p>\n\n\n\n<p><\/p>\n\n\n\n<p>A jegy\u00e1rak tartalmazz\u00e1k:<\/p>\n\n\n\n<ul><li>Sz\u00e1ll\u00e1st h\u00e1rom \u00e9jszak\u00e1ra.<\/li><li>Napi h\u00e1romszori \u00e9tkez\u00e9s.<\/li><li>R\u00e9szv\u00e9tel a szakmai \u00e9s kultur\u00e1lis programokon.<\/li><li>Medencehaszn\u00e1lat.<\/li><li>Paintball, \u00edj\u00e1szat \u00e9s egy\u00e9b sportok.<\/li><li>Alkot\u00f3 programokon val\u00f3 r\u00e9szv\u00e9tel.<\/li><li>R\u00e9szv\u00e9tel a k\u00f6z\u00e9leti vit\u00e1kon.<\/li><li>R\u00e9szv\u00e9tel a lovas programokon.<\/li><li>J\u00e1t\u00e9kkonzolok \u00e9s egy\u00e9b sz\u00f3rakoztat\u00f3 programok.<\/li><li>Networking lehet\u0151s\u00e9g.<\/li><li>Busztranszfer a szabad helyek erej\u00e9ig.<\/li><\/ul>\n\n\n\n<p><\/p>\n\n\n\n<p><a href=\"https:\/\/intezet.josz.org\/index.php\/v-josz-nyari-egyetem\/\">Ha \u00e9rdekel milyen volt az V. J\u00d6Sz Ny\u00e1ri Egyetem kattints ide!<\/a><\/p>\n\n\n\n<p><a href=\"https:\/\/intezet.josz.org\/index.php\/vi-josz-nyari-egyetem\/\">Ha \u00e9rdekel milyen volt az VI. J\u00d6Sz Ny\u00e1ri Egyetem kattints ide!<\/a><\/p>\n\n\n\n<p><\/p>\n\n\n\n<p><strong>R\u00e9szletes program hamarosan!<\/strong><\/p>\n\n\n\n<p><\/p>\n\n\n\n<hr class=\"wp-block-separator\"\/>\n\n\n\n<p>A szervez\u0151k a programv\u00e1ltoztat\u00e1s jog\u00e1t fenntartj\u00e1k.<\/p>\n\n\n\n<p>A rendezv\u00e9ny nem sajt\u00f3nyilv\u00e1nos.<\/p>\n\n\n\n<p><a href=\"https:\/\/docs.google.com\/document\/d\/1u5tmNwrRdwvgHbtOpX8woQOwmc4TUhCnsEfvfzVCrbk\/edit?usp=sharing\">Az adatkezel\u00e9si t\u00e1j\u00e9koztat\u00f3 ide kattintva \u00e9rhet\u0151 el.<\/a><\/p>\n\n\n\n<p><a href=\"https:\/\/docs.google.com\/document\/d\/16JiniHjX_mmdOMj2dGbw9N-kJCeya60oiTbByzRxdCA\/edit?usp=sharing\">A rendezv\u00e9ny h\u00e1zirendje ide kattintva \u00e9rhet\u0151 el.<\/a><\/p>\n","protected":false},"excerpt":{"rendered":"<p>Id\u00e9n is lesz J\u00d6Sz Ny\u00e1ri Egyetem! Augusztus utols\u00f3 h\u00e9tv\u00e9g\u00e9j\u00e9n a fest\u0151i sz\u00e9ps\u00e9g\u0171 kab\u00f3kapusztai Kab\u00f3ka Lovastany\u00e1n v\u00e1r Titeket a Joghallgat\u00f3k \u00d6nk\u00e9pz\u0151 Szervezete hatodik ny\u00e1ri szabadegyeteme!Sz\u00edvesen hallgatn\u00e1l sz\u00ednvonalas szakmai el\u0151ad\u00e1sokat vagy k\u00f6z\u00e9leti vit\u00e1kat? Foglalkoztatnak az aktu\u00e1lis politikai \u00e9s t\u00e1rsadalmi k\u00e9rd\u00e9sek? \u00c9rdekl\u0151dsz a jogtudom\u00e1ny hat\u00e1rter\u00fcletei ir\u00e1nt? Vagy egyszer\u0171en csak elt\u00f6lten\u00e9l egy kellemes \u00e9s tartalmas h\u00e9tv\u00e9g\u00e9t egy remek t\u00e1rsas\u00e1gban?\u00a0 A szervezet\u00fcnk \u00e9let\u00e9ben m\u00e1r hagyom\u00e1nynak [&hellip;]<\/p>\n","protected":false},"author":2,"featured_media":1923,"parent":0,"menu_order":0,"comment_status":"closed","ping_status":"closed","template":"","meta":{"_monsterinsights_skip_tracking":false,"_monsterinsights_sitenote_active":false,"_monsterinsights_sitenote_note":"","_monsterinsights_sitenote_category":0},"_links":{"self":[{"href":"https:\/\/intezet.josz.org\/index.php\/wp-json\/wp\/v2\/pages\/1922"}],"collection":[{"href":"https:\/\/intezet.josz.org\/index.php\/wp-json\/wp\/v2\/pages"}],"about":[{"href":"https:\/\/intezet.josz.org\/index.php\/wp-json\/wp\/v2\/types\/page"}],"author":[{"embeddable":true,"href":"https:\/\/intezet.josz.org\/index.php\/wp-json\/wp\/v2\/users\/2"}],"replies":[{"embeddable":true,"href":"https:\/\/intezet.josz.org\/index.php\/wp-json\/wp\/v2\/comments?post=1922"}],"version-history":[{"count":1,"href":"https:\/\/intezet.josz.org\/index.php\/wp-json\/wp\/v2\/pages\/1922\/revisions"}],"predecessor-version":[{"id":1924,"href":"https:\/\/intezet.josz.org\/index.php\/wp-json\/wp\/v2\/pages\/1922\/revisions\/1924"}],"wp:featuredmedia":[{"embeddable":true,"href":"https:\/\/intezet.josz.org\/index.php\/wp-json\/wp\/v2\/media\/1923"}],"wp:attachment":[{"href":"https:\/\/intezet.josz.org\/index.php\/wp-json\/wp\/v2\/media?parent=1922"}],"curies":[{"name":"wp","href":"https:\/\/api.w.org\/{rel}","templated":true}]}}

VII. JÖSz Nyári Egyetem

<p>Idén is lesz JÖSz Nyári Egyetem!</p>



<p>Augusztus utolsó hétvégéjén a festői szépségű kabókapusztai Kabóka Lovastanyán vár Titeket a Joghallgatók Önképző Szervezete hatodik nyári szabadegyeteme!Szívesen hallgatnál színvonalas szakmai előadásokat vagy közéleti vitákat? Foglalkoztatnak az aktuális politikai és társadalmi kérdések? Érdeklődsz a jogtudomány határterületei iránt? Vagy egyszerűen csak eltöltenél egy kellemes és tartalmas hétvégét egy remek társaságban? </p>



<p>A szervezetünk életében már hagyománynak számító több napos rendezvénysorozat a JÖSz &#8211; Joghallgatók Önképző Szervezete és a JÖSz Intézet szervezésében idén is megrendezésre kerül, három és fél napon keresztül, több mint öt programhelyszínennel!Színvonalas jogszakmai beszélgetésekkel, pörgős közéleti vitákkal, kulturális programokkal és koncertekkel várunk Titeket!&nbsp;</p>



<p>Ne maradjatok le idén sem, várunk minden (jog)hallgatót határon innen és túlról is!&nbsp;</p>



<p></p>



<p>Mikor? 2025. augusztus 28-31. (csütörtöktől vasárnapig)</p>



<p>Hol? Kabókapuszta Lovastanya</p>



<p><strong>JEGYÁRAK</strong></p>



<ul><li>6-8-10 fős szobák &#8211; 25 000 Ft</li><li>4 fős szobák &#8211; 28 000 Ft</li><li>2 fős szobák &#8211; 32 000 Ft</li><li>Gólyajegyek (az ELTE ÁJK és PPKE JÁK 2026 őszén elsőéves hallgatóinak) &#8211; 20 000 Ft</li></ul>



<p>Figyelem a fenti jegyárak a készlet erejéig vannak érvényben!</p>



<p><a href="https://docs.google.com/forms/d/e/1FAIpQLScdXMTnrCSWPffUsgM12b9-a_f_VrQ07aH4d0E-Kc0Npb652w/viewform">Regisztráció az alábbi oldalon érhető el.</a></p>



<p></p>



<p></p>



<p>A jegyárak tartalmazzák:</p>



<ul><li>Szállást három éjszakára.</li><li>Napi háromszori étkezés.</li><li>Részvétel a szakmai és kulturális programokon.</li><li>Medencehasználat.</li><li>Paintball, íjászat és egyéb sportok.</li><li>Alkotó programokon való részvétel.</li><li>Részvétel a közéleti vitákon.</li><li>Részvétel a lovas programokon.</li><li>Játékkonzolok és egyéb szórakoztató programok.</li><li>Networking lehetőség.</li><li>Busztranszfer a szabad helyek erejéig.</li></ul>



<p></p>



<p><a href="https://intezet.josz.org/index.php/v-josz-nyari-egyetem/">Ha érdekel milyen volt az V. JÖSz Nyári Egyetem kattints ide!</a></p>



<p><a href="https://intezet.josz.org/index.php/vi-josz-nyari-egyetem/">Ha érdekel milyen volt az VI. JÖSz Nyári Egyetem kattints ide!</a></p>



<p></p>



<p><strong>Részletes program hamarosan!</strong></p>



<p></p>



<hr class="wp-block-separator"/>



<p>A szervezők a programváltoztatás jogát fenntartják.</p>



<p>A rendezvény nem sajtónyilvános.</p>



<p><a href="https://docs.google.com/document/d/1u5tmNwrRdwvgHbtOpX8woQOwmc4TUhCnsEfvfzVCrbk/edit?usp=sharing">Az adatkezelési tájékoztató ide kattintva érhető el.</a></p>



<p><a href="https://docs.google.com/document/d/16JiniHjX_mmdOMj2dGbw9N-kJCeya60oiTbByzRxdCA/edit?usp=sharing">A rendezvény házirendje ide kattintva érhető el.</a></p>

<p>Idén is lesz JÖSz Nyári Egyetem! Augusztus utolsó hétvégéjén a festői szépségű kabókapusztai Kabóka Lovastanyán vár Titeket a Joghallgatók Önképző Szervezete hatodik nyári szabadegyeteme!Szívesen hallgatnál színvonalas szakmai előadásokat vagy közéleti vitákat? Foglalkoztatnak az aktuális politikai és társadalmi kérdések? Érdeklődsz a jogtudomány határterületei iránt? Vagy egyszerűen csak eltöltenél egy kellemes és tartalmas hétvégét egy remek társaságban?  A szervezetünk életében már hagyománynak [&hellip;]</p>
