{"id":1478,"date":"2024-06-15T17:07:05","date_gmt":"2024-06-15T17:07:05","guid":{"rendered":"http:\/\/intezet.josz.org\/?page_id=1478"},"modified":"2024-06-15T17:07:05","modified_gmt":"2024-06-15T17:07:05","slug":"hollos-dominika-a-jogon-tuli-elemek-ervenyesulese-az-alapjogvedelemben","status":"publish","type":"page","link":"https:\/\/intezet.josz.org\/index.php\/hollos-dominika-a-jogon-tuli-elemek-ervenyesulese-az-alapjogvedelemben\/","title":{"rendered":"Holl\u00f3s Dominika &#8211; A jogon t\u00fali elemek \u00e9rv\u00e9nyes\u00fcl\u00e9se az alapjogv\u00e9delemben"},"content":{"rendered":"\n<h3>Rez\u00fcm\u00e9<\/h3>\n\n\n\n<blockquote class=\"wp-block-quote\"><p>Lehet-e k\u00f6telez\u0151v\u00e9 tenni a v\u00e9d\u0151olt\u00e1sokat, ha az s\u00e9rti az egy\u00e9n vall\u00e1si meggy\u0151z\u0151d\u00e9s\u00e9t? K\u00f6telezhet\u0151-e valaki t\u00fcd\u0151sz\u0171r\u00e9sre? Diszkriminat\u00edv-e a v\u00e9detts\u00e9gi igazolv\u00e1ny? Hogyan korl\u00e1tozhat\u00f3 a m\u0171vi medd\u0151v\u00e9 t\u00e9telhez val\u00f3 jog? A k\u00e9rd\u00e9sekre adott alkotm\u00e1nyjogi v\u00e1laszok kor\u00e1ntsem csak a jog ter\u00fclet\u00e9r\u0151l hozott \u00e9rvekkel \u00e9p\u00edtkeznek, ugyanis ezek a k\u00e9rd\u00e9sek \u2013 hab\u00e1r jelent\u0151s alapjogi vonatkoz\u00e1suk van \u2013 els\u0151sorban nem alapjogi term\u00e9szet\u0171ek.\u00a0<\/p><p>\u00c9ppen emiatt a panaszaikkal az alapjogv\u00e9d\u0151 f\u00f3rumokhoz fordul\u00f3 ind\u00edtv\u00e1nyoz\u00f3k egyre t\u00f6bbsz\u00f6r legf\u0151k\u00e9pp term\u00e9szettudom\u00e1nyos, jogon t\u00fali \u00e9rvekkel fordulnak a test\u00fcletekhez, melyekkel az alapjogv\u00e9d\u0151 f\u00f3rumoknak foglalkozni kell. A pand\u00e9mia feler\u0151s\u00edtette, hogy sokszor a jog \u00f6nmag\u00e1ban nem elegend\u0151 t\u00e1rsadalmi jelens\u00e9gek kezel\u00e9s\u00e9re, az alapjogokat \u00e9rint\u0151 vit\u00e1k sokszor ugyanis eredend\u0151en nem jogi term\u00e9szet\u0171ek.<\/p><p>Jelen dolgozatban p\u00e9ld\u00e1kat hozok arra, hogy az alapjogv\u00e9d\u0151 f\u00f3rumok az ar\u00e1nyoss\u00e1gi teszt sor\u00e1n hogyan d\u00f6ntenek tudom\u00e1nyos k\u00e9rd\u00e9sekben, melyek azonban el\u0151k\u00e9rd\u00e9s\u00e9sei annak, hogy a t\u00e9nyleges jogi k\u00e9rd\u00e9sben d\u00f6nteni tudjanak, \u00e9s melyek \u00e1ltal kirajzol\u00f3dik, hogy az alapjogv\u00e9delem ter\u00fclet\u00e9re milyen hat\u00e1ssal is vannak m\u00e1s tudom\u00e1ny\u00e1gak eredm\u00e9nyei. Azt vizsg\u00e1lom, hogyan jelennek meg a panaszokban hivatkozott, egyes alapjogi k\u00e9rd\u00e9sek eld\u00f6nt\u00e9s\u00e9hez n\u00e9lk\u00fcl\u00f6zhetetlen, jogon t\u00fali elemek az ar\u00e1nyoss\u00e1gi tesztben \u00e9s milyen hat\u00e1ssal vannak az alapjogok korl\u00e1toz\u00e1s\u00e1nak meg\u00edt\u00e9l\u00e9s\u00e9re.<\/p><p>A fenti k\u00e9rd\u00e9sek nem csup\u00e1n elm\u00e9leti jelent\u0151s\u00e9g\u0171ek. A koronav\u00edrus-vil\u00e1gj\u00e1rv\u00e1ny ideje alatt mindannyian a h\u00e9tk\u00f6znapjainkban tapasztaltuk a j\u00e1rv\u00e1ny megf\u00e9kez\u00e9se \u00e9rdek\u00e9ben bevezetett, folyton v\u00e1ltoz\u00f3 korl\u00e1toz\u00e1sokat, melyek alkotm\u00e1nyos volt\u00e1r\u00f3l gyors d\u00f6nt\u00e9seket v\u00e1rtunk. Aktualit\u00e1sa miatt, dolgozatomban v\u00e9d\u0151olt\u00e1sokkal \u00e9s a j\u00e1rv\u00e1nnyal kapcsolatos p\u00e9ld\u00e1kon mutatom be a k\u00e9rd\u00e9seimet, azt, hogy d\u00f6nt\u00e9seikben milyen form\u00e1ban vett\u00e9k figyelembe az alapjogv\u00e9d\u0151 f\u00f3rumok (els\u0151 sorban az Emberi Jogok Eur\u00f3pai B\u00edr\u00f3s\u00e1ga \u00e9s a magyar Alkotm\u00e1nyb\u00edr\u00f3s\u00e1g) a jogon t\u00fali elemeket, ezek hogyan \u00e9s milyen form\u00e1ban befoly\u00e1solt\u00e1k a test\u00fcletek v\u00e9gs\u0151 d\u00f6nt\u00e9seit.<\/p><p>A dolgozat h\u00e1rom f\u0151bb r\u00e9szre tagolhat\u00f3. Az els\u0151 r\u00e9sz\u00e9ben azt a dogmatikai k\u00e9rd\u00e9st teszem fel, hogy milyen m\u00e9rt\u00e9kben foglalkozhat a jog jogon k\u00edv\u00fcli elemekkel, m\u00e1s tudom\u00e1nyok eredm\u00e9nyeivel, a m\u00e1sodik r\u00e9sz\u00e9ben az ar\u00e1nyoss\u00e1gi tesztet elemzem, a harmadik r\u00e9sz\u00e9ben pedig az elm\u00e9leti \u00e1ll\u00edt\u00e1sok illusztr\u00e1l\u00e1s\u00e1ra p\u00e9ldak\u00e9nt t\u00f6bb, j\u00e1rv\u00e1nnyal, k\u00f6telez\u0151 v\u00e9d\u0151olt\u00e1sokkal kapcsolatos d\u00f6nt\u00e9s p\u00e9ld\u00e1j\u00e1n szeml\u00e9ltetem a dilemm\u00e1kat.<\/p><\/blockquote>\n\n\n\n<p>A tanulm\u00e1ny a J\u00d6Sz 2022. \u00e9vi Doktorandusz Kutat\u00f3i \u00d6szt\u00f6nd\u00edj keret\u00e9ben j\u00f6tt l\u00e9tre.<\/p>\n\n\n\n<p>A tanulm\u00e1ny a k\u00e9pre kattintva \u00e9rhet\u0151 el.<\/p>\n\n\n\n<figure class=\"wp-block-image size-large\"><a href=\"https:\/\/intezet.josz.org\/wp-content\/uploads\/2024\/06\/Hollos-Dominika-A-jogon-tuli-elemek-ervenyesulese-az-alapjogvedelemben.pdf\"><img loading=\"lazy\" width=\"1024\" height=\"1024\" src=\"http:\/\/intezet.josz.org\/wp-content\/uploads\/2024\/06\/2-1024x1024.png\" alt=\"\" class=\"wp-image-1468\" srcset=\"https:\/\/intezet.josz.org\/wp-content\/uploads\/2024\/06\/2-1024x1024.png 1024w, https:\/\/intezet.josz.org\/wp-content\/uploads\/2024\/06\/2-300x300.png 300w, https:\/\/intezet.josz.org\/wp-content\/uploads\/2024\/06\/2-150x150.png 150w, https:\/\/intezet.josz.org\/wp-content\/uploads\/2024\/06\/2-768x768.png 768w, https:\/\/intezet.josz.org\/wp-content\/uploads\/2024\/06\/2.png 1250w\" sizes=\"(max-width: 1024px) 100vw, 1024px\" \/><\/a><\/figure>\n\n\n\n<div class=\"wp-block-file\"><a href=\"https:\/\/intezet.josz.org\/wp-content\/uploads\/2024\/06\/Hollos-Dominika-A-jogon-tuli-elemek-ervenyesulese-az-alapjogvedelemben.pdf\">Holl\u00f3s Dominika &#8211; A jogon t\u00fali elemek \u00e9rv\u00e9nyes\u00fcl\u00e9se az alapjogv\u00e9delemben<\/a><a href=\"https:\/\/intezet.josz.org\/wp-content\/uploads\/2024\/06\/Hollos-Dominika-A-jogon-tuli-elemek-ervenyesulese-az-alapjogvedelemben.pdf\" class=\"wp-block-file__button\" download>Let\u00f6lt\u00e9s<\/a><\/div>\n","protected":false},"excerpt":{"rendered":"<p>Rez\u00fcm\u00e9 Lehet-e k\u00f6telez\u0151v\u00e9 tenni a v\u00e9d\u0151olt\u00e1sokat, ha az s\u00e9rti az egy\u00e9n vall\u00e1si meggy\u0151z\u0151d\u00e9s\u00e9t? K\u00f6telezhet\u0151-e valaki t\u00fcd\u0151sz\u0171r\u00e9sre? Diszkriminat\u00edv-e a v\u00e9detts\u00e9gi igazolv\u00e1ny? Hogyan korl\u00e1tozhat\u00f3 a m\u0171vi medd\u0151v\u00e9 t\u00e9telhez val\u00f3 jog? A k\u00e9rd\u00e9sekre adott alkotm\u00e1nyjogi v\u00e1laszok kor\u00e1ntsem csak a jog ter\u00fclet\u00e9r\u0151l hozott \u00e9rvekkel \u00e9p\u00edtkeznek, ugyanis ezek a k\u00e9rd\u00e9sek \u2013 hab\u00e1r jelent\u0151s alapjogi vonatkoz\u00e1suk van \u2013 els\u0151sorban nem alapjogi term\u00e9szet\u0171ek.\u00a0 \u00c9ppen emiatt a panaszaikkal [&hellip;]<\/p>\n","protected":false},"author":2,"featured_media":0,"parent":0,"menu_order":0,"comment_status":"closed","ping_status":"closed","template":"","meta":{"_monsterinsights_skip_tracking":false,"_monsterinsights_sitenote_active":false,"_monsterinsights_sitenote_note":"","_monsterinsights_sitenote_category":0},"_links":{"self":[{"href":"https:\/\/intezet.josz.org\/index.php\/wp-json\/wp\/v2\/pages\/1478"}],"collection":[{"href":"https:\/\/intezet.josz.org\/index.php\/wp-json\/wp\/v2\/pages"}],"about":[{"href":"https:\/\/intezet.josz.org\/index.php\/wp-json\/wp\/v2\/types\/page"}],"author":[{"embeddable":true,"href":"https:\/\/intezet.josz.org\/index.php\/wp-json\/wp\/v2\/users\/2"}],"replies":[{"embeddable":true,"href":"https:\/\/intezet.josz.org\/index.php\/wp-json\/wp\/v2\/comments?post=1478"}],"version-history":[{"count":1,"href":"https:\/\/intezet.josz.org\/index.php\/wp-json\/wp\/v2\/pages\/1478\/revisions"}],"predecessor-version":[{"id":1480,"href":"https:\/\/intezet.josz.org\/index.php\/wp-json\/wp\/v2\/pages\/1478\/revisions\/1480"}],"wp:attachment":[{"href":"https:\/\/intezet.josz.org\/index.php\/wp-json\/wp\/v2\/media?parent=1478"}],"curies":[{"name":"wp","href":"https:\/\/api.w.org\/{rel}","templated":true}]}}