{"id":1258,"date":"2023-09-05T13:19:24","date_gmt":"2023-09-05T13:19:24","guid":{"rendered":"http:\/\/intezet.josz.org\/?page_id=1258"},"modified":"2025-09-19T22:22:41","modified_gmt":"2025-09-19T22:22:41","slug":"josz-energia-akademia","status":"publish","type":"page","link":"https:\/\/intezet.josz.org\/index.php\/josz-energia-akademia\/","title":{"rendered":"J\u00d6Sz Energia Akad\u00e9mia"},"content":{"rendered":"\n<p>Az elm\u00falt id\u0151szakban robban\u00e1sszer\u0171en n\u0151tt az energiaszektor jelent\u0151s\u00e9ge, \u00e9s e jogter\u00fclet k\u00e9pz\u00e9sbeli hi\u00e1nyoss\u00e1ga h\u00edvta \u00e9letre az Energia Akad\u00e9mi\u00e1t. A MOL \u00e9s az MVM, mint piacvezet\u0151 szerepl\u0151k k\u00f6zrem\u0171k\u00f6d\u00e9s\u00e9vel, a J\u00d6Sz Int\u00e9zet szervez\u00e9s\u00e9ben val\u00f3sul meg haz\u00e1nkban ez az innovat\u00edv, egyed\u00fcl\u00e1ll\u00f3 k\u00e9pz\u00e9s, melynek c\u00e9lja az energiajog ter\u00fclet\u00e9n \u00e1tfog\u00f3 elm\u00e9leti \u00e9s gyakorlati tud\u00e1s \u00e1tad\u00e1sa a joghallgat\u00f3knak \u00e9s p\u00e1lyakezd\u0151 jog\u00e1szoknak.&nbsp;<\/p>\n\n\n\n<p>Exkluz\u00edv lehet\u0151s\u00e9g tanulni a legnevesebb hazai, ill. k\u00fclf\u00f6ldi oktat\u00f3kt\u00f3l, \u00fcgyv\u00e9dekt\u0151l, \u00e9s az energiapiac gyakorlott szakembereit\u0151l, szab\u00e1lyoz\u00f3 hat\u00f3s\u00e1gok k\u00e9pvisel\u0151it\u0151l.&nbsp;<\/p>\n\n\n\n<p>K\u00e9pz\u00e9s\u00fcnk d\u00edjtalan, k\u00e9t heti rendszeress\u00e9ggel, \u00f6sszesen 10 alkalommal, p\u00e9ntek d\u00e9lut\u00e1n \u00e9s szombat d\u00e9lel\u0151tt ker\u00fcl megrendez\u00e9sre. A szem\u00e9lyes r\u00e9szv\u00e9tel \u00e9s az angol nyelvtud\u00e1s felt\u00e9tel.&nbsp;&nbsp;<\/p>\n\n\n\n<p>A k\u00e9pz\u00e9sen r\u00e9sztvev\u0151k sz\u00e9lesk\u00f6r\u0171 tud\u00e1ssal gazdagodnak, valamint a legjobban teljes\u00edt\u0151 hallgat\u00f3k lehet\u0151s\u00e9get kapnak haz\u00e1nk vezet\u0151 energetikai v\u00e1llalatain\u00e1l elhelyezkedni.&nbsp;A kurzus teljes\u00edt\u00e9s\u00e9r\u0151l a J\u00d6Sz tan\u00fas\u00edtv\u00e1nyt \u00e1ll\u00edt ki.<\/p>\n\n\n\n<h4><strong><a href=\"https:\/\/docs.google.com\/forms\/d\/e\/1FAIpQLSc2qTugB0RHO9Gwbqo3wzXQ8hCMTdMnZTQhJWPV3cU3YA9dSw\/viewform\">Jelentkez\u00e9s IDE kattintva<\/a><\/strong><\/h4>\n\n\n\n<p><\/p>\n\n\n\n<h3><strong>R\u00e9szletes tematika:<\/strong><\/h3>\n\n\n\n<div class=\"wp-block-image\"><figure class=\"aligncenter size-full\"><img loading=\"lazy\" width=\"1414\" height=\"2000\" src=\"https:\/\/intezet.josz.org\/wp-content\/uploads\/2025\/09\/1.jpg\" alt=\"\" class=\"wp-image-1964\" srcset=\"https:\/\/intezet.josz.org\/wp-content\/uploads\/2025\/09\/1.jpg 1414w, https:\/\/intezet.josz.org\/wp-content\/uploads\/2025\/09\/1-212x300.jpg 212w, https:\/\/intezet.josz.org\/wp-content\/uploads\/2025\/09\/1-724x1024.jpg 724w, https:\/\/intezet.josz.org\/wp-content\/uploads\/2025\/09\/1-768x1086.jpg 768w, https:\/\/intezet.josz.org\/wp-content\/uploads\/2025\/09\/1-1086x1536.jpg 1086w\" sizes=\"(max-width: 1414px) 100vw, 1414px\" \/><\/figure><\/div>\n\n\n\n<div class=\"wp-block-image\"><figure class=\"aligncenter size-full\"><img loading=\"lazy\" width=\"1414\" height=\"2000\" src=\"https:\/\/intezet.josz.org\/wp-content\/uploads\/2025\/09\/2.jpg\" alt=\"\" class=\"wp-image-1966\" srcset=\"https:\/\/intezet.josz.org\/wp-content\/uploads\/2025\/09\/2.jpg 1414w, https:\/\/intezet.josz.org\/wp-content\/uploads\/2025\/09\/2-212x300.jpg 212w, https:\/\/intezet.josz.org\/wp-content\/uploads\/2025\/09\/2-724x1024.jpg 724w, https:\/\/intezet.josz.org\/wp-content\/uploads\/2025\/09\/2-768x1086.jpg 768w, https:\/\/intezet.josz.org\/wp-content\/uploads\/2025\/09\/2-1086x1536.jpg 1086w\" sizes=\"(max-width: 1414px) 100vw, 1414px\" \/><\/figure><\/div>\n\n\n\n<p><\/p>\n\n\n\n<p><em>A szervez\u0151k a programv\u00e1ltoztat\u00e1s jog\u00e1t fenntartj\u00e1k.<\/em><\/p>\n","protected":false},"excerpt":{"rendered":"<p>Az elm\u00falt id\u0151szakban robban\u00e1sszer\u0171en n\u0151tt az energiaszektor jelent\u0151s\u00e9ge, \u00e9s e jogter\u00fclet k\u00e9pz\u00e9sbeli hi\u00e1nyoss\u00e1ga h\u00edvta \u00e9letre az Energia Akad\u00e9mi\u00e1t. A MOL \u00e9s az MVM, mint piacvezet\u0151 szerepl\u0151k k\u00f6zrem\u0171k\u00f6d\u00e9s\u00e9vel, a J\u00d6Sz Int\u00e9zet szervez\u00e9s\u00e9ben val\u00f3sul meg haz\u00e1nkban ez az innovat\u00edv, egyed\u00fcl\u00e1ll\u00f3 k\u00e9pz\u00e9s, melynek c\u00e9lja az energiajog ter\u00fclet\u00e9n \u00e1tfog\u00f3 elm\u00e9leti \u00e9s gyakorlati tud\u00e1s \u00e1tad\u00e1sa a joghallgat\u00f3knak \u00e9s p\u00e1lyakezd\u0151 jog\u00e1szoknak.&nbsp; Exkluz\u00edv lehet\u0151s\u00e9g tanulni a legnevesebb [&hellip;]<\/p>\n","protected":false},"author":2,"featured_media":1557,"parent":0,"menu_order":0,"comment_status":"closed","ping_status":"closed","template":"","meta":{"_monsterinsights_skip_tracking":false,"_monsterinsights_sitenote_active":false,"_monsterinsights_sitenote_note":"","_monsterinsights_sitenote_category":0},"_links":{"self":[{"href":"https:\/\/intezet.josz.org\/index.php\/wp-json\/wp\/v2\/pages\/1258"}],"collection":[{"href":"https:\/\/intezet.josz.org\/index.php\/wp-json\/wp\/v2\/pages"}],"about":[{"href":"https:\/\/intezet.josz.org\/index.php\/wp-json\/wp\/v2\/types\/page"}],"author":[{"embeddable":true,"href":"https:\/\/intezet.josz.org\/index.php\/wp-json\/wp\/v2\/users\/2"}],"replies":[{"embeddable":true,"href":"https:\/\/intezet.josz.org\/index.php\/wp-json\/wp\/v2\/comments?post=1258"}],"version-history":[{"count":16,"href":"https:\/\/intezet.josz.org\/index.php\/wp-json\/wp\/v2\/pages\/1258\/revisions"}],"predecessor-version":[{"id":1970,"href":"https:\/\/intezet.josz.org\/index.php\/wp-json\/wp\/v2\/pages\/1258\/revisions\/1970"}],"wp:featuredmedia":[{"embeddable":true,"href":"https:\/\/intezet.josz.org\/index.php\/wp-json\/wp\/v2\/media\/1557"}],"wp:attachment":[{"href":"https:\/\/intezet.josz.org\/index.php\/wp-json\/wp\/v2\/media?parent=1258"}],"curies":[{"name":"wp","href":"https:\/\/api.w.org\/{rel}","templated":true}]}}