{"id":1190,"date":"2023-07-06T14:54:13","date_gmt":"2023-07-06T14:54:13","guid":{"rendered":"http:\/\/intezet.josz.org\/?page_id=1190"},"modified":"2023-07-17T08:35:19","modified_gmt":"2023-07-17T08:35:19","slug":"josz-tusvanyos-2023","status":"publish","type":"page","link":"https:\/\/intezet.josz.org\/index.php\/josz-tusvanyos-2023\/","title":{"rendered":"J\u00d6Sz &#8211; Tusv\u00e1nyos 2023"},"content":{"rendered":"\n<p>Az idei \u00e9vben is tal\u00e1lkozhattok a J\u00d6Sz K\u00f6z\u00f6ss\u00e9g\u00e9vel Tusv\u00e1nyoson!<\/p>\n\n\n\n<p>L\u00e1togass el k\u00f6z\u00f6ss\u00e9g\u00fcnk k\u00e1v\u00e9h\u00e1z\u00e1nak a H\u00e1rom Szerb K\u00e1v\u00e9h\u00e1znak a s\u00e1tr\u00e1ba, \u00e9s egy fr\u00f6ccs mellett vegy\u00e9l r\u00e9szt a J\u00d6Sz Int\u00e9zet, a J\u00d6Sz Szakkoll\u00e9gium \u00e9s a J\u00d6Sz Erd\u00e9ly \u00e1ltal szervezett k\u00e9pz\u00e9seken \u00e9s el\u0151ad\u00e1sokon!<\/p>\n\n\n\n<figure class=\"wp-block-image size-full\"><img loading=\"lazy\" width=\"1414\" height=\"2000\" src=\"http:\/\/intezet.josz.org\/wp-content\/uploads\/2023\/07\/JOSz-Tusvanyos-program.png\" alt=\"\" class=\"wp-image-1202\" srcset=\"https:\/\/intezet.josz.org\/wp-content\/uploads\/2023\/07\/JOSz-Tusvanyos-program.png 1414w, https:\/\/intezet.josz.org\/wp-content\/uploads\/2023\/07\/JOSz-Tusvanyos-program-212x300.png 212w, https:\/\/intezet.josz.org\/wp-content\/uploads\/2023\/07\/JOSz-Tusvanyos-program-724x1024.png 724w, https:\/\/intezet.josz.org\/wp-content\/uploads\/2023\/07\/JOSz-Tusvanyos-program-768x1086.png 768w, https:\/\/intezet.josz.org\/wp-content\/uploads\/2023\/07\/JOSz-Tusvanyos-program-1086x1536.png 1086w\" sizes=\"(max-width: 1414px) 100vw, 1414px\" \/><\/figure>\n","protected":false},"excerpt":{"rendered":"<p>Az idei \u00e9vben is tal\u00e1lkozhattok a J\u00d6Sz K\u00f6z\u00f6ss\u00e9g\u00e9vel Tusv\u00e1nyoson! L\u00e1togass el k\u00f6z\u00f6ss\u00e9g\u00fcnk k\u00e1v\u00e9h\u00e1z\u00e1nak a H\u00e1rom Szerb K\u00e1v\u00e9h\u00e1znak a s\u00e1tr\u00e1ba, \u00e9s egy fr\u00f6ccs mellett vegy\u00e9l r\u00e9szt a J\u00d6Sz Int\u00e9zet, a J\u00d6Sz Szakkoll\u00e9gium \u00e9s a J\u00d6Sz Erd\u00e9ly \u00e1ltal szervezett k\u00e9pz\u00e9seken \u00e9s el\u0151ad\u00e1sokon!<\/p>\n","protected":false},"author":2,"featured_media":1180,"parent":0,"menu_order":0,"comment_status":"closed","ping_status":"closed","template":"","meta":{"_monsterinsights_skip_tracking":false,"_monsterinsights_sitenote_active":false,"_monsterinsights_sitenote_note":"","_monsterinsights_sitenote_category":0},"_links":{"self":[{"href":"https:\/\/intezet.josz.org\/index.php\/wp-json\/wp\/v2\/pages\/1190"}],"collection":[{"href":"https:\/\/intezet.josz.org\/index.php\/wp-json\/wp\/v2\/pages"}],"about":[{"href":"https:\/\/intezet.josz.org\/index.php\/wp-json\/wp\/v2\/types\/page"}],"author":[{"embeddable":true,"href":"https:\/\/intezet.josz.org\/index.php\/wp-json\/wp\/v2\/users\/2"}],"replies":[{"embeddable":true,"href":"https:\/\/intezet.josz.org\/index.php\/wp-json\/wp\/v2\/comments?post=1190"}],"version-history":[{"count":5,"href":"https:\/\/intezet.josz.org\/index.php\/wp-json\/wp\/v2\/pages\/1190\/revisions"}],"predecessor-version":[{"id":1204,"href":"https:\/\/intezet.josz.org\/index.php\/wp-json\/wp\/v2\/pages\/1190\/revisions\/1204"}],"wp:featuredmedia":[{"embeddable":true,"href":"https:\/\/intezet.josz.org\/index.php\/wp-json\/wp\/v2\/media\/1180"}],"wp:attachment":[{"href":"https:\/\/intezet.josz.org\/index.php\/wp-json\/wp\/v2\/media?parent=1190"}],"curies":[{"name":"wp","href":"https:\/\/api.w.org\/{rel}","templated":true}]}}

JÖSz &#8211; Tusványos 2023

<p>Az idei évben is találkozhattok a JÖSz Közösségével Tusványoson!</p>



<p>Látogass el közösségünk kávéházának a Három Szerb Kávéháznak a sátrába, és egy fröccs mellett vegyél részt a JÖSz Intézet, a JÖSz Szakkollégium és a JÖSz Erdély által szervezett képzéseken és előadásokon!</p>



<figure class="wp-block-image size-full"><img loading="lazy" width="1414" height="2000" src="http://intezet.josz.org/wp-content/uploads/2023/07/JOSz-Tusvanyos-program.png" alt="" class="wp-image-1202" srcset="https://intezet.josz.org/wp-content/uploads/2023/07/JOSz-Tusvanyos-program.png 1414w, https://intezet.josz.org/wp-content/uploads/2023/07/JOSz-Tusvanyos-program-212x300.png 212w, https://intezet.josz.org/wp-content/uploads/2023/07/JOSz-Tusvanyos-program-724x1024.png 724w, https://intezet.josz.org/wp-content/uploads/2023/07/JOSz-Tusvanyos-program-768x1086.png 768w, https://intezet.josz.org/wp-content/uploads/2023/07/JOSz-Tusvanyos-program-1086x1536.png 1086w" sizes="(max-width: 1414px) 100vw, 1414px" /></figure>

<p>Az idei évben is találkozhattok a JÖSz Közösségével Tusványoson! Látogass el közösségünk kávéházának a Három Szerb Kávéháznak a sátrába, és egy fröccs mellett vegyél részt a JÖSz Intézet, a JÖSz Szakkollégium és a JÖSz Erdély által szervezett képzéseken és előadásokon!</p>
