{"id":118,"date":"2021-05-23T15:31:39","date_gmt":"2021-05-23T15:31:39","guid":{"rendered":"http:\/\/intezet.josz.org\/?page_id=118"},"modified":"2022-05-01T09:17:01","modified_gmt":"2022-05-01T09:17:01","slug":"josz-nyari-egyetem","status":"publish","type":"page","link":"https:\/\/intezet.josz.org\/index.php\/josz-nyari-egyetem\/","title":{"rendered":"IV. J\u00d6Sz Ny\u00e1ri Egyetem"},"content":{"rendered":"\n<p>Sz\u00edvesen hallgatn\u00e1l sz\u00ednvonalas szakmai el\u0151ad\u00e1sokat vagy k\u00f6z\u00e9leti vit\u00e1kat? Foglalkoztatnak az aktu\u00e1lis politikai \u00e9s t\u00e1rsadalmi k\u00e9rd\u00e9sek? \u00c9rdekl\u0151dsz a jogtudom\u00e1ny hat\u00e1rter\u00fcletei ir\u00e1nt? Vagy egyszer\u0171en csak elt\u00f6lten\u00e9l egy kellemes \u00e9s tartalmas h\u00e9tv\u00e9g\u00e9t a fest\u0151i sz\u00e9ps\u00e9g\u0171 V\u00e1rgesztesi Villaparkban, ahol a szakmai besz\u00e9lget\u00e9sek mellett m\u0171vel\u0151d\u00e9si \u00e9s k\u00f6z\u00f6ss\u00e9g\u00e9p\u00edt\u0151 programokon is r\u00e9szt vehetsz? <\/p>\n\n\n\n<p>A J\u00d6Sz IV. Ny\u00e1ri Egyetem\u00e9n minderre lehet\u0151s\u00e9ged lesz! <\/p>\n\n\n\n<p>A szervezet\u00fcnk \u00e9let\u00e9ben m\u00e1r hagyom\u00e1nynak sz\u00e1m\u00edt\u00f3 t\u00f6bb napos rendezv\u00e9nysorozat id\u00e9n a J\u00d6Sz &#8211; Joghallgat\u00f3k \u00d6nk\u00e9pz\u0151 Szervezete \u00e9s a J\u00d6Sz Int\u00e9zet szervez\u00e9s\u00e9ben ugyanis ism\u00e9t megrendez\u00e9sre ker\u00fcl! <\/p>\n\n\n\n<p>Szeretn\u00e9nk, ha a Ny\u00e1ri Egyetem minden r\u00e9sztvev\u0151 sz\u00e1m\u00e1ra felejthetetlen k\u00f6z\u00f6ss\u00e9gi \u00e9lm\u00e9ny lenne, \u00e9pp ez\u00e9rt v\u00e1ltozatos, izgalmas \u00e9s sz\u00ednvonalas t\u00e9m\u00e1kkal valamint programsorozattal k\u00e9sz\u00fcl\u00fcnk. <\/p>\n\n\n\n<p><strong><span style=\"color:#217f05\" class=\"has-inline-color\">Id\u0151pont:<\/span><\/strong> 2022. augusztus 26-28. (P\u00e9ntekt\u0151l Vas\u00e1rnapig)<\/p>\n\n\n\n<p><strong><span style=\"color:#217f05\" class=\"has-inline-color\">Helysz\u00edn:<\/span><\/strong> V\u00e1rgesztesi Villapark<\/p>\n\n\n\n<p><\/p>\n\n\n\n<p><\/p>\n\n\n\n<h4>Jegyt\u00edpusok*:<\/h4>\n\n\n\n<p><\/p>\n\n\n\n<p>Az <span style=\"color:#217f05\" class=\"has-inline-color\"><strong>Early Bird<\/strong><\/span> jegy \u00e1ra: 12 500 Forint, melyet 2022. j\u00fanius 15 -e \u00e9jf\u00e9lig (vagy a k\u00e9szlet erej\u00e9ig) v\u00e1s\u00e1rolhatsz meg.<\/p>\n\n\n\n<p>A <span style=\"color:#217f05\" class=\"has-inline-color\"><strong>Norm\u00e1l jegy<\/strong><\/span> \u00e1ra: 18 000 Forint<\/p>\n\n\n\n<p>Az idei \u00e9vben is van lehet\u0151s\u00e9ge az \u00e9rdekl\u0151d\u0151knek <strong><span style=\"color:#217f05\" class=\"has-inline-color\">T\u00e1mogat\u00f3i jegy <\/span><\/strong>v\u00e1s\u00e1rl\u00e1s\u00e1ra, melynek \u00f6sszege 25 000 Forint.<\/p>\n\n\n\n<div class=\"wp-block-image\"><figure class=\"aligncenter size-large\"><a href=\"https:\/\/docs.google.com\/forms\/d\/e\/1FAIpQLSdRc4sTmQJGMksEurhYcqPWYl2j4imfyhICbU_ULUQuCnMEPg\/viewform?usp=sf_link\"><img loading=\"lazy\" width=\"397\" height=\"143\" src=\"http:\/\/intezet.josz.org\/wp-content\/uploads\/2021\/05\/Jelentkezes.png\" alt=\"\" class=\"wp-image-119\" srcset=\"https:\/\/intezet.josz.org\/wp-content\/uploads\/2021\/05\/Jelentkezes.png 397w, https:\/\/intezet.josz.org\/wp-content\/uploads\/2021\/05\/Jelentkezes-300x108.png 300w\" sizes=\"(max-width: 397px) 100vw, 397px\" \/><\/a><\/figure><\/div>\n\n\n\n<h4><strong>Akik m\u00e1r biztosan r\u00e9szt vesznek a IV. J\u00d6Sz Ny\u00e1ri Egyetemen:<\/strong><\/h4>\n\n\n\n<p>Az el\u0151ad\u00f3kat hamarosan k\u00f6zz\u00e9tessz\u00fck.<\/p>\n\n\n\n<hr class=\"wp-block-separator\"\/>\n\n\n\n<p>*: A jegy\u00e1rak tartalmazz\u00e1k a sz\u00e1ll\u00e1s \u00e9s \u00e9tkez\u00e9si k\u00f6lts\u00e9geket, valamint a a Ny\u00e1ri Egyetem programjain val\u00f3 r\u00e9szv\u00e9tel k\u00f6lts\u00e9geit. A k\u00fcl\u00f6nb\u00f6z\u0151 jegyt\u00edpusok k\u00f6z\u00f6tt a szolg\u00e1ltat\u00e1s tartalm\u00e1t tekintve nincs k\u00fcl\u00f6nbs\u00e9g.<\/p>\n\n\n\n<p><strong>A rendezv\u00e9ny nem sajt\u00f3nyilv\u00e1nos.<\/strong> A sajt\u00f3 k\u00e9pvisel\u0151inek esetleges megkeres\u00e9seit a Szervez\u0151k az al\u00e1bbi e-mail c\u00edmre v\u00e1rj\u00e1k: intezet@josz.org<\/p>\n\n\n\n<p><a href=\"https:\/\/docs.google.com\/document\/d\/11EFHVOdzdC_HMGsm-I8nLvvO7JbjlPMzTaP3x-uTtlk\/edit?usp=sharing\">A rendezv\u00e9ny adatkezel\u00e9si t\u00e1j\u00e9koztat\u00f3ja IDE kattintva \u00e9rhet\u0151 el.<\/a><\/p>\n\n\n\n<p><a href=\"https:\/\/docs.google.com\/document\/d\/1176tRfA_6cf4n8rTiQgjyTBpWers7mNLTmIfwAboAyw\/edit?usp=sharing\">A rendezv\u00e9ny h\u00e1zirendje IDE kattintva \u00e9rhet\u0151 el.<\/a><\/p>\n\n\n\n<p>Kapcsolat: intezet@josz.org<\/p>\n\n\n\n<p>A szervez\u0151k a programv\u00e1ltoztat\u00e1s jog\u00e1t fenntartj\u00e1k.<\/p>\n\n\n\n<p><\/p>\n\n\n\n<hr class=\"wp-block-separator\"\/>\n\n\n\n<p>Kor\u00e1bbi ny\u00e1ri egyetemeink:<\/p>\n\n\n\n<p><a href=\"http:\/\/intezet.josz.org\/index.php\/iii-josz-nyari-egyetem\/\">III. J\u00d6Sz Ny\u00e1ri Egyetem<\/a><\/p>\n\n\n\n<p><a href=\"http:\/\/josz.elte.hu\/index.php\/ii-josz-nyari-egyetem\/\">II. J\u00d6Sz Ny\u00e1ri Egyetem<\/a><\/p>\n\n\n\n<p><a href=\"http:\/\/josz.elte.hu\/index.php\/nyari-egyetem\/\">I. J\u00d6Sz Ny\u00e1ri Egyetem<\/a><\/p>\n","protected":false},"excerpt":{"rendered":"<p>Sz\u00edvesen hallgatn\u00e1l sz\u00ednvonalas szakmai el\u0151ad\u00e1sokat vagy k\u00f6z\u00e9leti vit\u00e1kat? Foglalkoztatnak az aktu\u00e1lis politikai \u00e9s t\u00e1rsadalmi k\u00e9rd\u00e9sek? \u00c9rdekl\u0151dsz a jogtudom\u00e1ny hat\u00e1rter\u00fcletei ir\u00e1nt? Vagy egyszer\u0171en csak elt\u00f6lten\u00e9l egy kellemes \u00e9s tartalmas h\u00e9tv\u00e9g\u00e9t a fest\u0151i sz\u00e9ps\u00e9g\u0171 V\u00e1rgesztesi Villaparkban, ahol a szakmai besz\u00e9lget\u00e9sek mellett m\u0171vel\u0151d\u00e9si \u00e9s k\u00f6z\u00f6ss\u00e9g\u00e9p\u00edt\u0151 programokon is r\u00e9szt vehetsz? A J\u00d6Sz IV. Ny\u00e1ri Egyetem\u00e9n minderre lehet\u0151s\u00e9ged lesz! A szervezet\u00fcnk \u00e9let\u00e9ben m\u00e1r hagyom\u00e1nynak sz\u00e1m\u00edt\u00f3 [&hellip;]<\/p>\n","protected":false},"author":1,"featured_media":565,"parent":0,"menu_order":0,"comment_status":"closed","ping_status":"closed","template":"page-templates\/full-width-container.php","meta":{"_monsterinsights_skip_tracking":false,"_monsterinsights_sitenote_active":false,"_monsterinsights_sitenote_note":"","_monsterinsights_sitenote_category":0},"_links":{"self":[{"href":"https:\/\/intezet.josz.org\/index.php\/wp-json\/wp\/v2\/pages\/118"}],"collection":[{"href":"https:\/\/intezet.josz.org\/index.php\/wp-json\/wp\/v2\/pages"}],"about":[{"href":"https:\/\/intezet.josz.org\/index.php\/wp-json\/wp\/v2\/types\/page"}],"author":[{"embeddable":true,"href":"https:\/\/intezet.josz.org\/index.php\/wp-json\/wp\/v2\/users\/1"}],"replies":[{"embeddable":true,"href":"https:\/\/intezet.josz.org\/index.php\/wp-json\/wp\/v2\/comments?post=118"}],"version-history":[{"count":29,"href":"https:\/\/intezet.josz.org\/index.php\/wp-json\/wp\/v2\/pages\/118\/revisions"}],"predecessor-version":[{"id":572,"href":"https:\/\/intezet.josz.org\/index.php\/wp-json\/wp\/v2\/pages\/118\/revisions\/572"}],"wp:featuredmedia":[{"embeddable":true,"href":"https:\/\/intezet.josz.org\/index.php\/wp-json\/wp\/v2\/media\/565"}],"wp:attachment":[{"href":"https:\/\/intezet.josz.org\/index.php\/wp-json\/wp\/v2\/media?parent=118"}],"curies":[{"name":"wp","href":"https:\/\/api.w.org\/{rel}","templated":true}]}}

IV. JÖSz Nyári Egyetem

<p>Szívesen hallgatnál színvonalas szakmai előadásokat vagy közéleti vitákat? Foglalkoztatnak az aktuális politikai és társadalmi kérdések? Érdeklődsz a jogtudomány határterületei iránt? Vagy egyszerűen csak eltöltenél egy kellemes és tartalmas hétvégét a festői szépségű Várgesztesi Villaparkban, ahol a szakmai beszélgetések mellett művelődési és közösségépítő programokon is részt vehetsz? </p>



<p>A JÖSz IV. Nyári Egyetemén minderre lehetőséged lesz! </p>



<p>A szervezetünk életében már hagyománynak számító több napos rendezvénysorozat idén a JÖSz &#8211; Joghallgatók Önképző Szervezete és a JÖSz Intézet szervezésében ugyanis ismét megrendezésre kerül! </p>



<p>Szeretnénk, ha a Nyári Egyetem minden résztvevő számára felejthetetlen közösségi élmény lenne, épp ezért változatos, izgalmas és színvonalas témákkal valamint programsorozattal készülünk. </p>



<p><strong><span style="color:#217f05" class="has-inline-color">Időpont:</span></strong> 2022. augusztus 26-28. (Péntektől Vasárnapig)</p>



<p><strong><span style="color:#217f05" class="has-inline-color">Helyszín:</span></strong> Várgesztesi Villapark</p>



<p></p>



<p></p>



<h4>Jegytípusok*:</h4>



<p></p>



<p>Az <span style="color:#217f05" class="has-inline-color"><strong>Early Bird</strong></span> jegy ára: 12 500 Forint, melyet 2022. június 15 -e éjfélig (vagy a készlet erejéig) vásárolhatsz meg.</p>



<p>A <span style="color:#217f05" class="has-inline-color"><strong>Normál jegy</strong></span> ára: 18 000 Forint</p>



<p>Az idei évben is van lehetősége az érdeklődőknek <strong><span style="color:#217f05" class="has-inline-color">Támogatói jegy </span></strong>vásárlására, melynek összege 25 000 Forint.</p>



<div class="wp-block-image"><figure class="aligncenter size-large"><a href="https://docs.google.com/forms/d/e/1FAIpQLSdRc4sTmQJGMksEurhYcqPWYl2j4imfyhICbU_ULUQuCnMEPg/viewform?usp=sf_link"><img loading="lazy" width="397" height="143" src="http://intezet.josz.org/wp-content/uploads/2021/05/Jelentkezes.png" alt="" class="wp-image-119" srcset="https://intezet.josz.org/wp-content/uploads/2021/05/Jelentkezes.png 397w, https://intezet.josz.org/wp-content/uploads/2021/05/Jelentkezes-300x108.png 300w" sizes="(max-width: 397px) 100vw, 397px" /></a></figure></div>



<h4><strong>Akik már biztosan részt vesznek a IV. JÖSz Nyári Egyetemen:</strong></h4>



<p>Az előadókat hamarosan közzétesszük.</p>



<hr class="wp-block-separator"/>



<p>*: A jegyárak tartalmazzák a szállás és étkezési költségeket, valamint a a Nyári Egyetem programjain való részvétel költségeit. A különböző jegytípusok között a szolgáltatás tartalmát tekintve nincs különbség.</p>



<p><strong>A rendezvény nem sajtónyilvános.</strong> A sajtó képviselőinek esetleges megkereséseit a Szervezők az alábbi e-mail címre várják: intezet@josz.org</p>



<p><a href="https://docs.google.com/document/d/11EFHVOdzdC_HMGsm-I8nLvvO7JbjlPMzTaP3x-uTtlk/edit?usp=sharing">A rendezvény adatkezelési tájékoztatója IDE kattintva érhető el.</a></p>



<p><a href="https://docs.google.com/document/d/1176tRfA_6cf4n8rTiQgjyTBpWers7mNLTmIfwAboAyw/edit?usp=sharing">A rendezvény házirendje IDE kattintva érhető el.</a></p>



<p>Kapcsolat: intezet@josz.org</p>



<p>A szervezők a programváltoztatás jogát fenntartják.</p>



<p></p>



<hr class="wp-block-separator"/>



<p>Korábbi nyári egyetemeink:</p>



<p><a href="http://intezet.josz.org/index.php/iii-josz-nyari-egyetem/">III. JÖSz Nyári Egyetem</a></p>



<p><a href="http://josz.elte.hu/index.php/ii-josz-nyari-egyetem/">II. JÖSz Nyári Egyetem</a></p>



<p><a href="http://josz.elte.hu/index.php/nyari-egyetem/">I. JÖSz Nyári Egyetem</a></p>

<p>Szívesen hallgatnál színvonalas szakmai előadásokat vagy közéleti vitákat? Foglalkoztatnak az aktuális politikai és társadalmi kérdések? Érdeklődsz a jogtudomány határterületei iránt? Vagy egyszerűen csak eltöltenél egy kellemes és tartalmas hétvégét a festői szépségű Várgesztesi Villaparkban, ahol a szakmai beszélgetések mellett művelődési és közösségépítő programokon is részt vehetsz? A JÖSz IV. Nyári Egyetemén minderre lehetőséged lesz! A szervezetünk életében már hagyománynak számító [&hellip;]</p>
