{"id":1137,"date":"2023-07-01T08:22:24","date_gmt":"2023-07-01T08:22:24","guid":{"rendered":"http:\/\/intezet.josz.org\/?page_id=1137"},"modified":"2023-07-01T09:29:48","modified_gmt":"2023-07-01T09:29:48","slug":"josz-jogtudomanyi-szemle-2021-1","status":"publish","type":"page","link":"https:\/\/intezet.josz.org\/index.php\/josz-jogtudomanyi-szemle-2021-1\/","title":{"rendered":"J\u00d6Sz Jogtudom\u00e1nyi Szemle 2021\/1."},"content":{"rendered":"\n<p><\/p>\n\n\n\n<div class=\"wp-block-columns\">\n<div class=\"wp-block-column\">\n<figure class=\"wp-block-image size-large is-resized\"><a href=\"http:\/\/alapitvany.josz.org\/wp-content\/uploads\/2022\/07\/JOSz-Jogtudomanyi-Szemle-Nyomdai-valtozat-Masodik-valtozat.pdf\"><img loading=\"lazy\" src=\"http:\/\/alapitvany.josz.org\/wp-content\/uploads\/2022\/07\/JOSz-Jogtudomanyi-Szemle-Nyomdai-valtozat-Masodik-valtozat-elso-oldala-724x1024.jpg\" alt=\"\" class=\"wp-image-852\" width=\"724\" height=\"1024\"\/><\/a><\/figure>\n<\/div>\n\n\n\n<div class=\"wp-block-column\">\n<p><\/p>\n\n\n\n<p><strong><a href=\"http:\/\/alapitvany.josz.org\/wp-content\/uploads\/2022\/07\/JOSz-Jogtudomanyi-Szemle-Nyomdai-valtozat-Masodik-valtozat.pdf\">J\u00d6Sz Jogtudom\u00e1nyi Szemle 2021\/1.<\/a><\/strong><\/p>\n\n\n\n<ul><li><strong>Bodr\u00e1cs B\u00e1lint, Koll\u00e1th Mih\u00e1ly G\u00e1bor:<\/strong> F\u0151szerkeszt\u0151i k\u00f6sz\u00f6nt\u0151<\/li><li><strong>Benyovszky P\u00e9ter, Bodor M\u00e1t\u00e9: <\/strong>Teljes\u00edtm\u00e9ny\u00e9rt\u00e9kel\u00e9s a platform gazdas\u00e1gban &#8211; R\u00f6gh\u00f6z k\u00f6t\u00e9s a XXI. sz\u00e1zadban?<\/li><li><strong>Incze Johanna:<\/strong> Szab\u00e1lyoz\u00e1si kih\u00edv\u00e1sok az online t\u00e1rsadalomban: az elfeledtet\u00e9shez val\u00f3 jog \u00e9s a hamis h\u00edrek \u00e1tfog\u00f3 elemz\u00e9se<\/li><li><strong>Major Fruzsina: <\/strong>Az Eur\u00f3pai \u00dcgy\u00e9szs\u00e9g fel\u00e1ll\u00edt\u00e1s\u00e1nak hat\u00e1sa az Uni\u00f3 k\u00f6lts\u00e9gvet\u00e9s\u00e9nek v\u00e9delm\u00e9re<\/li><li><strong>Simon Tam\u00e1s:<\/strong> Az Alapjogi Chart\u00e1ra val\u00f3 hivatkoz\u00e1s az \u00faj CPR-ban: miben v\u00e1ltozhatnak az  uni\u00f3s forr\u00e1sok felhaszn\u00e1l\u00e1s\u00e1nak felt\u00e9telei?<\/li><li><strong>T\u00f6r\u00f6k Bal\u00e1zs: <\/strong>Az egyetemi spin-off v\u00e1llalkoz\u00e1sok jogi vizsg\u00e1lata<\/li><\/ul>\n\n\n\n<p><\/p>\n<\/div>\n<\/div>\n","protected":false},"excerpt":{"rendered":"<p>J\u00d6Sz Jogtudom\u00e1nyi Szemle 2021\/1. Bodr\u00e1cs B\u00e1lint, Koll\u00e1th Mih\u00e1ly G\u00e1bor: F\u0151szerkeszt\u0151i k\u00f6sz\u00f6nt\u0151 Benyovszky P\u00e9ter, Bodor M\u00e1t\u00e9: Teljes\u00edtm\u00e9ny\u00e9rt\u00e9kel\u00e9s a platform gazdas\u00e1gban &#8211; R\u00f6gh\u00f6z k\u00f6t\u00e9s a XXI. sz\u00e1zadban? Incze Johanna: Szab\u00e1lyoz\u00e1si kih\u00edv\u00e1sok az online t\u00e1rsadalomban: az elfeledtet\u00e9shez val\u00f3 jog \u00e9s a hamis h\u00edrek \u00e1tfog\u00f3 elemz\u00e9se Major Fruzsina: Az Eur\u00f3pai \u00dcgy\u00e9szs\u00e9g fel\u00e1ll\u00edt\u00e1s\u00e1nak hat\u00e1sa az Uni\u00f3 k\u00f6lts\u00e9gvet\u00e9s\u00e9nek v\u00e9delm\u00e9re Simon Tam\u00e1s: Az Alapjogi Chart\u00e1ra val\u00f3 hivatkoz\u00e1s [&hellip;]<\/p>\n","protected":false},"author":2,"featured_media":0,"parent":0,"menu_order":0,"comment_status":"closed","ping_status":"closed","template":"","meta":{"_monsterinsights_skip_tracking":false,"_monsterinsights_sitenote_active":false,"_monsterinsights_sitenote_note":"","_monsterinsights_sitenote_category":0},"_links":{"self":[{"href":"https:\/\/intezet.josz.org\/index.php\/wp-json\/wp\/v2\/pages\/1137"}],"collection":[{"href":"https:\/\/intezet.josz.org\/index.php\/wp-json\/wp\/v2\/pages"}],"about":[{"href":"https:\/\/intezet.josz.org\/index.php\/wp-json\/wp\/v2\/types\/page"}],"author":[{"embeddable":true,"href":"https:\/\/intezet.josz.org\/index.php\/wp-json\/wp\/v2\/users\/2"}],"replies":[{"embeddable":true,"href":"https:\/\/intezet.josz.org\/index.php\/wp-json\/wp\/v2\/comments?post=1137"}],"version-history":[{"count":2,"href":"https:\/\/intezet.josz.org\/index.php\/wp-json\/wp\/v2\/pages\/1137\/revisions"}],"predecessor-version":[{"id":1147,"href":"https:\/\/intezet.josz.org\/index.php\/wp-json\/wp\/v2\/pages\/1137\/revisions\/1147"}],"wp:attachment":[{"href":"https:\/\/intezet.josz.org\/index.php\/wp-json\/wp\/v2\/media?parent=1137"}],"curies":[{"name":"wp","href":"https:\/\/api.w.org\/{rel}","templated":true}]}}