{"id":1135,"date":"2023-07-01T08:20:36","date_gmt":"2023-07-01T08:20:36","guid":{"rendered":"http:\/\/intezet.josz.org\/?page_id=1135"},"modified":"2023-07-01T09:30:15","modified_gmt":"2023-07-01T09:30:15","slug":"josz-jogtudomanyi-szemle-2020-2","status":"publish","type":"page","link":"https:\/\/intezet.josz.org\/index.php\/josz-jogtudomanyi-szemle-2020-2\/","title":{"rendered":"J\u00d6Sz Jogtudom\u00e1nyi Szemle 2020\/2."},"content":{"rendered":"\n<div class=\"wp-block-columns\">\n<div class=\"wp-block-column\">\n<figure class=\"wp-block-image size-large is-resized\"><a href=\"http:\/\/alapitvany.josz.org\/wp-content\/uploads\/2021\/06\/JOSz-Jogtudomanyi-Szemle-2020-2-HONLAPRA.pdf\"><img loading=\"lazy\" src=\"http:\/\/alapitvany.josz.org\/wp-content\/uploads\/2021\/04\/JOSz-Jogtudomanyi-Szemle-Masodik-Szam.jpg\" alt=\"\" class=\"wp-image-343\" width=\"724\" height=\"1024\"\/><\/a><\/figure>\n<\/div>\n\n\n\n<div class=\"wp-block-column\">\n<p><strong><a href=\"http:\/\/alapitvany.josz.org\/wp-content\/uploads\/2021\/06\/JOSz-Jogtudomanyi-Szemle-2020-2-HONLAPRA.pdf\">J\u00d6Sz Jogtudom\u00e1nyi Szemle 2020\/2.<\/a><\/strong><\/p>\n\n\n\n<ul id=\"block-905f9e69-af0e-4ebd-999c-e6631ac1f227\"><li><strong>Bodr\u00e1cs B\u00e1lint, Koll\u00e1th Mih\u00e1ly G\u00e1bor:<\/strong> F\u0151szerkeszt\u0151i k\u00f6sz\u00f6nt\u0151<\/li><li><strong>Filemon Norbert:<\/strong> A term\u00e9szetjog v\u00e9delm\u00e9ben<\/li><li><strong>Heil Krist\u00f3f Mih\u00e1ly:<\/strong> Adal\u00e9kok a polg\u00e1ri \u00e1talakul\u00e1s alkotm\u00e1nyt\u00f6rt\u00e9neti el\u0151zm\u00e9nyeihez<\/li><li><strong>Koll\u00e1th Mih\u00e1ly G\u00e1bor:<\/strong> A k\u00f6zszerepl\u0151k szem\u00e9lyis\u00e9gi jogainak polg\u00e1ri jogi v\u00e9delme k\u00fcl\u00f6n\u00f6s tekintettel a j\u00f3h\u00edrn\u00e9v \u00e9s becs\u00fclet v\u00e9delm\u00e9re<\/li><li><strong>Nagy Anna Mariann: <\/strong>Hum\u00e1ngenetika \u00e9s b\u00fcntet\u0151jog: A g\u00e9nszerkeszt\u00e9sre adhat\u00f3 jogi v\u00e1laszok<\/li><\/ul>\n<\/div>\n<\/div>\n","protected":false},"excerpt":{"rendered":"<p>J\u00d6Sz Jogtudom\u00e1nyi Szemle 2020\/2. Bodr\u00e1cs B\u00e1lint, Koll\u00e1th Mih\u00e1ly G\u00e1bor: F\u0151szerkeszt\u0151i k\u00f6sz\u00f6nt\u0151 Filemon Norbert: A term\u00e9szetjog v\u00e9delm\u00e9ben Heil Krist\u00f3f Mih\u00e1ly: Adal\u00e9kok a polg\u00e1ri \u00e1talakul\u00e1s alkotm\u00e1nyt\u00f6rt\u00e9neti el\u0151zm\u00e9nyeihez Koll\u00e1th Mih\u00e1ly G\u00e1bor: A k\u00f6zszerepl\u0151k szem\u00e9lyis\u00e9gi jogainak polg\u00e1ri jogi v\u00e9delme k\u00fcl\u00f6n\u00f6s tekintettel a j\u00f3h\u00edrn\u00e9v \u00e9s becs\u00fclet v\u00e9delm\u00e9re Nagy Anna Mariann: Hum\u00e1ngenetika \u00e9s b\u00fcntet\u0151jog: A g\u00e9nszerkeszt\u00e9sre adhat\u00f3 jogi v\u00e1laszok<\/p>\n","protected":false},"author":2,"featured_media":0,"parent":0,"menu_order":0,"comment_status":"closed","ping_status":"closed","template":"","meta":{"_monsterinsights_skip_tracking":false,"_monsterinsights_sitenote_active":false,"_monsterinsights_sitenote_note":"","_monsterinsights_sitenote_category":0},"_links":{"self":[{"href":"https:\/\/intezet.josz.org\/index.php\/wp-json\/wp\/v2\/pages\/1135"}],"collection":[{"href":"https:\/\/intezet.josz.org\/index.php\/wp-json\/wp\/v2\/pages"}],"about":[{"href":"https:\/\/intezet.josz.org\/index.php\/wp-json\/wp\/v2\/types\/page"}],"author":[{"embeddable":true,"href":"https:\/\/intezet.josz.org\/index.php\/wp-json\/wp\/v2\/users\/2"}],"replies":[{"embeddable":true,"href":"https:\/\/intezet.josz.org\/index.php\/wp-json\/wp\/v2\/comments?post=1135"}],"version-history":[{"count":2,"href":"https:\/\/intezet.josz.org\/index.php\/wp-json\/wp\/v2\/pages\/1135\/revisions"}],"predecessor-version":[{"id":1148,"href":"https:\/\/intezet.josz.org\/index.php\/wp-json\/wp\/v2\/pages\/1135\/revisions\/1148"}],"wp:attachment":[{"href":"https:\/\/intezet.josz.org\/index.php\/wp-json\/wp\/v2\/media?parent=1135"}],"curies":[{"name":"wp","href":"https:\/\/api.w.org\/{rel}","templated":true}]}}